{"id":2439,"date":"2023-08-08T14:23:57","date_gmt":"2023-08-08T14:23:57","guid":{"rendered":"https:\/\/aevaledeste.pt\/site\/?page_id=2439"},"modified":"2026-01-09T10:18:49","modified_gmt":"2026-01-09T10:18:49","slug":"avaliacao-interna-e-externa","status":"publish","type":"page","link":"https:\/\/aevaledeste.pt\/site\/avaliacao-interna-e-externa\/","title":{"rendered":"Avalia\u00e7\u00e3o Interna e Externa"},"content":{"rendered":"\t\t<div data-elementor-type=\"wp-page\" data-elementor-id=\"2439\" class=\"elementor elementor-2439\">\n\t\t\t\t\t\t<section class=\"elementor-section elementor-top-section elementor-element elementor-element-23c05d2 elementor-section-boxed elementor-section-height-default elementor-section-height-default\" data-id=\"23c05d2\" data-element_type=\"section\">\n\t\t\t\t\t\t<div class=\"elementor-container elementor-column-gap-default\">\n\t\t\t\t\t<div class=\"elementor-column elementor-col-100 elementor-top-column elementor-element elementor-element-480daa2\" data-id=\"480daa2\" data-element_type=\"column\">\n\t\t\t<div class=\"elementor-widget-wrap elementor-element-populated\">\n\t\t\t\t\t\t<div class=\"elementor-element elementor-element-137be68 elementor-widget elementor-widget-text-editor\" data-id=\"137be68\" data-element_type=\"widget\" data-widget_type=\"text-editor.default\">\n\t\t\t\t<div class=\"elementor-widget-container\">\n\t\t\t\t\t\t\t<p><!-- wp:paragraph --><\/p>\n<blockquote>\n<h4>AVALIA\u00c7\u00c3O INTERNA<\/h4><\/blockquote>\n<p class=\"MsoNormal\">\n<\/p><p><!-- \/wp:quote --><\/p>\n<p><!-- wp:paragraph --><\/p>\n<p><!-- \/wp:paragraph --><\/p>\t\t\t\t\t\t<\/div>\n\t\t\t\t<\/div>\n\t\t\t\t\t<\/div>\n\t\t<\/div>\n\t\t\t\t\t<\/div>\n\t\t<\/section>\n\t\t\t\t<section class=\"elementor-section elementor-top-section elementor-element elementor-element-0e1c945 elementor-section-boxed elementor-section-height-default elementor-section-height-default\" data-id=\"0e1c945\" data-element_type=\"section\">\n\t\t\t\t\t\t<div class=\"elementor-container elementor-column-gap-default\">\n\t\t\t\t\t<div class=\"elementor-column elementor-col-100 elementor-top-column elementor-element elementor-element-5ba3856\" data-id=\"5ba3856\" data-element_type=\"column\">\n\t\t\t<div class=\"elementor-widget-wrap elementor-element-populated\">\n\t\t\t\t\t\t<div class=\"elementor-element elementor-element-08d7ab4 elementor-widget elementor-widget-text-editor\" data-id=\"08d7ab4\" data-element_type=\"widget\" data-widget_type=\"text-editor.default\">\n\t\t\t\t<div class=\"elementor-widget-container\">\n\t\t\t\t\t\t\t<blockquote>\n<h4>EQUIPA DE AUTOAVALIA\u00c7\u00c3O<\/h4>\n<\/blockquote>\n<p><!-- \/wp:quote --><\/p>\n<p><!-- wp:paragraph --><\/p>\n<p><span style=\"font-family: var( --e-global-typography-secondary-font-family ), Sans-serif; letter-spacing: 0.1px;\"><b>Coordenadora: <\/b>GR 550 | Inform\u00e1tica: \u00c2ngela Viegas<\/span><\/p>\n<p><span style=\"font-family: var( --e-global-typography-secondary-font-family ), Sans-serif; letter-spacing: 0.1px;\"><b>Docentes:<\/b> <\/span><\/p>\n<p><span style=\"font-family: var( --e-global-typography-secondary-font-family ), Sans-serif; letter-spacing: 0.1px;\">GR 100 | Educa\u00e7\u00e3o Pr\u00e9-Escolar: M\u00aa Antonieta Carmo<br \/>GR 240 | E.V.T. : Ant\u00f3nio Ara\u00fajo<br \/>GR 500 | Matem\u00e1tica: Ana Moreira<br \/>GR 510 | F\u00edsica e Qu\u00edmica: Jacinta Morais e <\/span><span style=\"font-family: var( --e-global-typography-secondary-font-family ), Sans-serif; letter-spacing: 0.1px;\">Susana Dias<br \/><br \/><\/span><\/p>\n<p><span style=\"font-family: var( --e-global-typography-secondary-font-family ), Sans-serif; letter-spacing: 0.1px;\"><b>Pessoal N\u00e3o Docente:<\/b><\/span><\/p>\n<p>Assist. Oper. | Escola-Sede: Maria Jos\u00e9 Ferreira<\/p>\n<p><span style=\"font-family: var( --e-global-typography-secondary-font-family ), Sans-serif; letter-spacing: 0.1px;\"><b>Encarregados de Educa\u00e7\u00e3o:\u00a0<\/b><\/span><\/p>\n<p>Representante de Encarregados de Educa\u00e7\u00e3o: Br\u00e1s Ribeiro Silva<\/p>\n<p><span style=\"font-family: var( --e-global-typography-secondary-font-family ), Sans-serif; letter-spacing: 0.1px;\"><b>Alunos:\u00a0<\/b><\/span><\/p>\n<p>Presidente A.E.: Nuno Manuel Fernandes<\/p>\n<p><!-- \/wp:quote --><\/p>\n<p><!-- wp:paragraph --><\/p>\n<p><!-- \/wp:paragraph --><\/p>\t\t\t\t\t\t<\/div>\n\t\t\t\t<\/div>\n\t\t\t\t\t<\/div>\n\t\t<\/div>\n\t\t\t\t\t<\/div>\n\t\t<\/section>\n\t\t\t\t<section class=\"elementor-section elementor-top-section elementor-element elementor-element-25b030b elementor-section-boxed elementor-section-height-default elementor-section-height-default\" data-id=\"25b030b\" data-element_type=\"section\">\n\t\t\t\t\t\t<div class=\"elementor-container elementor-column-gap-default\">\n\t\t\t\t\t<div class=\"elementor-column elementor-col-100 elementor-top-column elementor-element elementor-element-f169dca\" data-id=\"f169dca\" data-element_type=\"column\">\n\t\t\t<div class=\"elementor-widget-wrap elementor-element-populated\">\n\t\t\t\t\t\t<div class=\"elementor-element elementor-element-f4b4064 elementor-widget elementor-widget-text-editor\" data-id=\"f4b4064\" data-element_type=\"widget\" data-widget_type=\"text-editor.default\">\n\t\t\t\t<div class=\"elementor-widget-container\">\n\t\t\t\t\t\t\t<blockquote>\n<h4>RELAT\u00d3RIOS\u00a0<\/h4>\n<\/blockquote>\n<p><span style=\"text-decoration: underline;\"><strong>Ano Letivo 2025\/2026<\/strong><\/span><\/p>\n<p><span style=\"text-decoration: underline;\"><strong>Ano Letivo 2024\/2025<\/strong><\/span><\/p>\n<ul>\n<li>Relat\u00f3rio da Avalia\u00e7\u00e3o Interna do 3.\u00ba per\u00edodo | Junho 2025. Consulte <a href=\"https:\/\/aevaledeste.pt\/site\/wp-content\/uploads\/2026\/01\/AvaliacaoInterna_2024_2025_3oPeriodo_S.pdf\" target=\"_blank\" rel=\"noopener\">aqui.<\/a><\/li>\n<li>Relat\u00f3rio da Avalia\u00e7\u00e3o Interna do 2.\u00ba per\u00edodo | Abril 2025. Consulte <a href=\"https:\/\/aevaledeste.pt\/site\/wp-content\/uploads\/2026\/01\/AvaliacaoInterna_2024_2025_2oPeriodo_S.pdf\" target=\"_blank\" rel=\"noopener\">aqui.<\/a><\/li>\n<li>Relat\u00f3rio da Avalia\u00e7\u00e3o Interna do 1.\u00ba per\u00edodo | Janeiro 2025. Consulte <a href=\"https:\/\/aevaledeste.pt\/site\/wp-content\/uploads\/2026\/01\/AvaliacaoInterna_2024_2025_1oPeriodo_S.pdf\" target=\"_blank\" rel=\"noopener\">aqui.<\/a><\/li>\n<\/ul>\n<p><span style=\"text-decoration: underline;\"><strong>Anos anteriores<\/strong><\/span><\/p>\n<ul>\n<li><span style=\"letter-spacing: 0.1px;\">Relat\u00f3rio da Avalia\u00e7\u00e3o Interna do 3.\u00ba per\u00edodo | Junho 2024. Consulte <a href=\"https:\/\/aevaledeste.pt\/site\/wp-content\/uploads\/2024\/07\/Aval-Interna-2023-2024-3.o-Per-final.pdf\" target=\"_blank\" rel=\"noopener\">aqui<\/a>.<\/span><\/li>\n<li>Estudo Estat\u00edstico sobre o uso do telem\u00f3vel em meio escolar. Consulte\u00a0<a href=\"https:\/\/aevaledeste.pt\/site\/wp-content\/uploads\/2024\/06\/Estudo-estatistico-Uso-do-tlm-em-meio-escolar_-2.docx-3.pdf\" target=\"_blank\" rel=\"noopener\">aqui.<\/a><\/li>\n<li>Relat\u00f3rio da Avalia\u00e7\u00e3o Interna do 2.\u00ba per\u00edodo | Abril 2024. Consulte\u00a0<a href=\"https:\/\/aevaledeste.pt\/site\/wp-content\/uploads\/2024\/05\/Avaliacao-Interna-2023-2024-2.o-Periodo.pdf\" target=\"_blank\" rel=\"noopener\">aqui.<\/a><\/li>\n<li>Relat\u00f3rio sobre aulas de 45\u00b4ou 50\u00b4- 2.\u00aa vers\u00e3o | Mar\u00e7o 2024. Consulte\u00a0<a href=\"https:\/\/aevaledeste.pt\/site\/wp-content\/uploads\/2024\/03\/4-Aulas-de-45%C2%B4-ou-50%C2%B4-_-marco-2024.pdf\" target=\"_blank\" rel=\"noopener\">aqui<\/a>.<\/li>\n<li>Relat\u00f3rio Provas de Aferi\u00e7\u00e3o RIPA\/REPA | Fevereiro 2024. Consulte\u00a0<a href=\"https:\/\/aevaledeste.pt\/site\/wp-content\/uploads\/2024\/03\/5-Provas-de-afericao_REPA_fev2024.pdf\" target=\"_blank\" rel=\"noopener\">aqui<\/a>.<\/li>\n<li><span style=\"letter-spacing: 0.1px;\">Relat\u00f3rio da Avalia\u00e7\u00e3o Interna do 1.\u00ba per\u00edodo | Janeiro 2024. Consulte <a href=\"https:\/\/aevaledeste.pt\/site\/wp-content\/uploads\/2024\/03\/3-Avaliacao-Interna-1.o-Periodo-2023-2024.pdf\" target=\"_blank\" rel=\"noopener\">aqui.<\/a><\/span><\/li>\n<li><span style=\"letter-spacing: 0.1px;\">Relat\u00f3rio de autoavalia\u00e7\u00e3o do AEVE 2022\/2023. Consulte\u00a0<\/span><a href=\"https:\/\/aevaledeste.pt\/site\/wp-content\/uploads\/2023\/08\/Relatorio-de-Autoavaliacao-2022_2023.pdf\">aqui.<\/a><\/li>\n<li><span style=\"letter-spacing: 0.1px;\">Relat\u00f3rio sobre aulas de 45\u00b4ou 50\u00b4- 1.\u00aa vers\u00e3o | Outubro 2023. Consulte\u00a0<a href=\"https:\/\/aevaledeste.pt\/site\/wp-content\/uploads\/2024\/03\/2-Aulas-de-45%C2%B4ou-50%C2%B4-_outubro-2023.pdf\" target=\"_blank\" rel=\"noopener\">aqui<\/a>.<\/span><\/li>\n<\/ul>\n<p><!-- \/wp:quote --><\/p>\n<p><!-- wp:paragraph --><\/p>\n<p><!-- \/wp:paragraph --><\/p>\t\t\t\t\t\t<\/div>\n\t\t\t\t<\/div>\n\t\t\t\t<div class=\"elementor-element elementor-element-bc65068 elementor-widget elementor-widget-text-editor\" data-id=\"bc65068\" data-element_type=\"widget\" data-widget_type=\"text-editor.default\">\n\t\t\t\t<div class=\"elementor-widget-container\">\n\t\t\t\t\t\t\t<p><!-- wp:paragraph --><\/p>\n<blockquote>\n<h4>AVALIA\u00c7\u00c3O EXTERNA<\/h4>\n<\/blockquote>\n<p><!-- \/wp:quote --><\/p>\n<p><!-- wp:paragraph --><\/p>\n<ul>\n<li>\n<h5>Relat\u00f3rio da Avalia\u00e7\u00e3o Externa 2021-2022<\/h5>\n<\/li>\n<\/ul>\n<p><span style=\"letter-spacing: 0.1px;\">&nbsp; &nbsp; &nbsp; Consulte <\/span><a href=\"https:\/\/aevaledeste.pt\/site\/wp-content\/uploads\/2023\/08\/AE_Vale_DEste_2021_2022_R.pdf\">aqui.<\/a><\/p>\n<p class=\"MsoNormal\">\n<\/p><p><!-- \/wp:quote --><\/p>\n<p><!-- wp:paragraph --><\/p>\n<p><!-- \/wp:paragraph --><\/p>\t\t\t\t\t\t<\/div>\n\t\t\t\t<\/div>\n\t\t\t\t\t<\/div>\n\t\t<\/div>\n\t\t\t\t\t<\/div>\n\t\t<\/section>\n\t\t\t\t<\/div>\n\t\t","protected":false},"excerpt":{"rendered":"<p>AVALIA\u00c7\u00c3O INTERNA EQUIPA DE AUTOAVALIA\u00c7\u00c3O Coordenadora: GR 550 | Inform\u00e1tica: \u00c2ngela Viegas Docentes: GR 100 | Educa\u00e7\u00e3o Pr\u00e9-Escolar: M\u00aa Antonieta CarmoGR 240 | E.V.T. : Ant\u00f3nio Ara\u00fajoGR 500 | Matem\u00e1tica: Ana MoreiraGR 510 | F\u00edsica e Qu\u00edmica: Jacinta Morais e Susana Dias Pessoal N\u00e3o Docente:&nbsp;<a href=\"https:\/\/aevaledeste.pt\/site\/avaliacao-interna-e-externa\/\">&hellip;<\/a><\/p>\n","protected":false},"author":5,"featured_media":0,"parent":0,"menu_order":0,"comment_status":"closed","ping_status":"closed","template":"","meta":{"footnotes":""},"class_list":["post-2439","page","type-page","status-publish","hentry","odd"],"yoast_head":"<!-- This site is optimized with the Yoast SEO plugin v23.7 - https:\/\/yoast.com\/wordpress\/plugins\/seo\/ -->\n<title>Avalia\u00e7\u00e3o Interna e Externa - Agrupamento de Escolas de Vale D&#039;Este<\/title>\n<meta name=\"robots\" content=\"index, follow, max-snippet:-1, max-image-preview:large, max-video-preview:-1\" \/>\n<link rel=\"canonical\" href=\"https:\/\/aevaledeste.pt\/site\/avaliacao-interna-e-externa\/\" \/>\n<meta property=\"og:locale\" content=\"pt_PT\" \/>\n<meta property=\"og:type\" content=\"article\" \/>\n<meta property=\"og:title\" content=\"Avalia\u00e7\u00e3o Interna e Externa - Agrupamento de Escolas de Vale D&#039;Este\" \/>\n<meta property=\"og:description\" content=\"AVALIA\u00c7\u00c3O INTERNA EQUIPA DE AUTOAVALIA\u00c7\u00c3O Coordenadora: GR 550 | Inform\u00e1tica: \u00c2ngela Viegas Docentes: GR 100 | Educa\u00e7\u00e3o Pr\u00e9-Escolar: M\u00aa Antonieta CarmoGR 240 | E.V.T. : Ant\u00f3nio Ara\u00fajoGR 500 | Matem\u00e1tica: Ana MoreiraGR 510 | F\u00edsica e Qu\u00edmica: Jacinta Morais e Susana Dias Pessoal N\u00e3o Docente:&nbsp;&hellip;\" \/>\n<meta property=\"og:url\" content=\"https:\/\/aevaledeste.pt\/site\/avaliacao-interna-e-externa\/\" \/>\n<meta property=\"og:site_name\" content=\"Agrupamento de Escolas de Vale D&#039;Este\" \/>\n<meta property=\"article:modified_time\" content=\"2026-01-09T10:18:49+00:00\" \/>\n<meta name=\"twitter:card\" content=\"summary_large_image\" \/>\n<meta name=\"twitter:label1\" content=\"Tempo estimado de leitura\" \/>\n\t<meta name=\"twitter:data1\" content=\"2 minutos\" \/>\n<script type=\"application\/ld+json\" class=\"yoast-schema-graph\">{\"@context\":\"https:\/\/schema.org\",\"@graph\":[{\"@type\":\"WebPage\",\"@id\":\"https:\/\/aevaledeste.pt\/site\/avaliacao-interna-e-externa\/\",\"url\":\"https:\/\/aevaledeste.pt\/site\/avaliacao-interna-e-externa\/\",\"name\":\"Avalia\u00e7\u00e3o Interna e Externa - Agrupamento de Escolas de Vale D&#039;Este\",\"isPartOf\":{\"@id\":\"https:\/\/aevaledeste.pt\/site\/#website\"},\"datePublished\":\"2023-08-08T14:23:57+00:00\",\"dateModified\":\"2026-01-09T10:18:49+00:00\",\"breadcrumb\":{\"@id\":\"https:\/\/aevaledeste.pt\/site\/avaliacao-interna-e-externa\/#breadcrumb\"},\"inLanguage\":\"pt-PT\",\"potentialAction\":[{\"@type\":\"ReadAction\",\"target\":[\"https:\/\/aevaledeste.pt\/site\/avaliacao-interna-e-externa\/\"]}]},{\"@type\":\"BreadcrumbList\",\"@id\":\"https:\/\/aevaledeste.pt\/site\/avaliacao-interna-e-externa\/#breadcrumb\",\"itemListElement\":[{\"@type\":\"ListItem\",\"position\":1,\"name\":\"In\u00edcio\",\"item\":\"https:\/\/aevaledeste.pt\/site\/\"},{\"@type\":\"ListItem\",\"position\":2,\"name\":\"Avalia\u00e7\u00e3o Interna e Externa\"}]},{\"@type\":\"WebSite\",\"@id\":\"https:\/\/aevaledeste.pt\/site\/#website\",\"url\":\"https:\/\/aevaledeste.pt\/site\/\",\"name\":\"Agrupamento de Escolas de Vale D&#039;Este\",\"description\":\"Faz a tua escolha!\",\"publisher\":{\"@id\":\"https:\/\/aevaledeste.pt\/site\/#organization\"},\"potentialAction\":[{\"@type\":\"SearchAction\",\"target\":{\"@type\":\"EntryPoint\",\"urlTemplate\":\"https:\/\/aevaledeste.pt\/site\/?s={search_term_string}\"},\"query-input\":{\"@type\":\"PropertyValueSpecification\",\"valueRequired\":true,\"valueName\":\"search_term_string\"}}],\"inLanguage\":\"pt-PT\"},{\"@type\":\"Organization\",\"@id\":\"https:\/\/aevaledeste.pt\/site\/#organization\",\"name\":\"Agrupamento de Escolas de Vale D&#039;Este\",\"url\":\"https:\/\/aevaledeste.pt\/site\/\",\"logo\":{\"@type\":\"ImageObject\",\"inLanguage\":\"pt-PT\",\"@id\":\"https:\/\/aevaledeste.pt\/site\/#\/schema\/logo\/image\/\",\"url\":\"https:\/\/aevaledeste.pt\/site\/wp-content\/uploads\/2022\/09\/1-e1664446422139.png\",\"contentUrl\":\"https:\/\/aevaledeste.pt\/site\/wp-content\/uploads\/2022\/09\/1-e1664446422139.png\",\"width\":600,\"height\":78,\"caption\":\"Agrupamento de Escolas de Vale D&#039;Este\"},\"image\":{\"@id\":\"https:\/\/aevaledeste.pt\/site\/#\/schema\/logo\/image\/\"}}]}<\/script>\n<!-- \/ Yoast SEO plugin. -->","yoast_head_json":{"title":"Avalia\u00e7\u00e3o Interna e Externa - Agrupamento de Escolas de Vale D&#039;Este","robots":{"index":"index","follow":"follow","max-snippet":"max-snippet:-1","max-image-preview":"max-image-preview:large","max-video-preview":"max-video-preview:-1"},"canonical":"https:\/\/aevaledeste.pt\/site\/avaliacao-interna-e-externa\/","og_locale":"pt_PT","og_type":"article","og_title":"Avalia\u00e7\u00e3o Interna e Externa - Agrupamento de Escolas de Vale D&#039;Este","og_description":"AVALIA\u00c7\u00c3O INTERNA EQUIPA DE AUTOAVALIA\u00c7\u00c3O Coordenadora: GR 550 | Inform\u00e1tica: \u00c2ngela Viegas Docentes: GR 100 | Educa\u00e7\u00e3o Pr\u00e9-Escolar: M\u00aa Antonieta CarmoGR 240 | E.V.T. : Ant\u00f3nio Ara\u00fajoGR 500 | Matem\u00e1tica: Ana MoreiraGR 510 | F\u00edsica e Qu\u00edmica: Jacinta Morais e Susana Dias Pessoal N\u00e3o Docente:&nbsp;&hellip;","og_url":"https:\/\/aevaledeste.pt\/site\/avaliacao-interna-e-externa\/","og_site_name":"Agrupamento de Escolas de Vale D&#039;Este","article_modified_time":"2026-01-09T10:18:49+00:00","twitter_card":"summary_large_image","twitter_misc":{"Tempo estimado de leitura":"2 minutos"},"schema":{"@context":"https:\/\/schema.org","@graph":[{"@type":"WebPage","@id":"https:\/\/aevaledeste.pt\/site\/avaliacao-interna-e-externa\/","url":"https:\/\/aevaledeste.pt\/site\/avaliacao-interna-e-externa\/","name":"Avalia\u00e7\u00e3o Interna e Externa - Agrupamento de Escolas de Vale D&#039;Este","isPartOf":{"@id":"https:\/\/aevaledeste.pt\/site\/#website"},"datePublished":"2023-08-08T14:23:57+00:00","dateModified":"2026-01-09T10:18:49+00:00","breadcrumb":{"@id":"https:\/\/aevaledeste.pt\/site\/avaliacao-interna-e-externa\/#breadcrumb"},"inLanguage":"pt-PT","potentialAction":[{"@type":"ReadAction","target":["https:\/\/aevaledeste.pt\/site\/avaliacao-interna-e-externa\/"]}]},{"@type":"BreadcrumbList","@id":"https:\/\/aevaledeste.pt\/site\/avaliacao-interna-e-externa\/#breadcrumb","itemListElement":[{"@type":"ListItem","position":1,"name":"In\u00edcio","item":"https:\/\/aevaledeste.pt\/site\/"},{"@type":"ListItem","position":2,"name":"Avalia\u00e7\u00e3o Interna e Externa"}]},{"@type":"WebSite","@id":"https:\/\/aevaledeste.pt\/site\/#website","url":"https:\/\/aevaledeste.pt\/site\/","name":"Agrupamento de Escolas de Vale D&#039;Este","description":"Faz a tua escolha!","publisher":{"@id":"https:\/\/aevaledeste.pt\/site\/#organization"},"potentialAction":[{"@type":"SearchAction","target":{"@type":"EntryPoint","urlTemplate":"https:\/\/aevaledeste.pt\/site\/?s={search_term_string}"},"query-input":{"@type":"PropertyValueSpecification","valueRequired":true,"valueName":"search_term_string"}}],"inLanguage":"pt-PT"},{"@type":"Organization","@id":"https:\/\/aevaledeste.pt\/site\/#organization","name":"Agrupamento de Escolas de Vale D&#039;Este","url":"https:\/\/aevaledeste.pt\/site\/","logo":{"@type":"ImageObject","inLanguage":"pt-PT","@id":"https:\/\/aevaledeste.pt\/site\/#\/schema\/logo\/image\/","url":"https:\/\/aevaledeste.pt\/site\/wp-content\/uploads\/2022\/09\/1-e1664446422139.png","contentUrl":"https:\/\/aevaledeste.pt\/site\/wp-content\/uploads\/2022\/09\/1-e1664446422139.png","width":600,"height":78,"caption":"Agrupamento de Escolas de Vale D&#039;Este"},"image":{"@id":"https:\/\/aevaledeste.pt\/site\/#\/schema\/logo\/image\/"}}]}},"_links":{"self":[{"href":"https:\/\/aevaledeste.pt\/site\/wp-json\/wp\/v2\/pages\/2439","targetHints":{"allow":["GET"]}}],"collection":[{"href":"https:\/\/aevaledeste.pt\/site\/wp-json\/wp\/v2\/pages"}],"about":[{"href":"https:\/\/aevaledeste.pt\/site\/wp-json\/wp\/v2\/types\/page"}],"author":[{"embeddable":true,"href":"https:\/\/aevaledeste.pt\/site\/wp-json\/wp\/v2\/users\/5"}],"replies":[{"embeddable":true,"href":"https:\/\/aevaledeste.pt\/site\/wp-json\/wp\/v2\/comments?post=2439"}],"version-history":[{"count":52,"href":"https:\/\/aevaledeste.pt\/site\/wp-json\/wp\/v2\/pages\/2439\/revisions"}],"predecessor-version":[{"id":9274,"href":"https:\/\/aevaledeste.pt\/site\/wp-json\/wp\/v2\/pages\/2439\/revisions\/9274"}],"wp:attachment":[{"href":"https:\/\/aevaledeste.pt\/site\/wp-json\/wp\/v2\/media?parent=2439"}],"curies":[{"name":"wp","href":"https:\/\/api.w.org\/{rel}","templated":true}]}}