{"id":1693,"date":"2023-02-08T12:50:30","date_gmt":"2023-02-08T12:50:30","guid":{"rendered":"https:\/\/testevaledeste.pt\/angela\/?page_id=1693"},"modified":"2023-02-08T13:20:51","modified_gmt":"2023-02-08T13:20:51","slug":"legislacao","status":"publish","type":"page","link":"https:\/\/aevaledeste.pt\/site\/programs\/seguranca-digital\/legislacao\/","title":{"rendered":"Legisla\u00e7\u00e3o"},"content":{"rendered":"\t\t<div data-elementor-type=\"wp-post\" data-elementor-id=\"1693\" class=\"elementor elementor-1693\">\n\t\t\t\t\t\t<section class=\"elementor-section elementor-top-section elementor-element elementor-element-2d42552 elementor-section-boxed elementor-section-height-default elementor-section-height-default\" data-id=\"2d42552\" data-element_type=\"section\">\n\t\t\t\t\t\t<div class=\"elementor-container elementor-column-gap-default\">\n\t\t\t\t\t<div class=\"elementor-column elementor-col-100 elementor-top-column elementor-element elementor-element-7eadef6\" data-id=\"7eadef6\" data-element_type=\"column\">\n\t\t\t<div class=\"elementor-widget-wrap elementor-element-populated\">\n\t\t\t\t\t\t<div class=\"elementor-element elementor-element-0e7070b elementor-widget elementor-widget-heading\" data-id=\"0e7070b\" data-element_type=\"widget\" data-widget_type=\"heading.default\">\n\t\t\t\t<div class=\"elementor-widget-container\">\n\t\t\t<h2 class=\"elementor-heading-title elementor-size-default\"><b>Legisla\u00e7\u00e3o <\/b><\/h2>\t\t<\/div>\n\t\t\t\t<\/div>\n\t\t\t\t\t<\/div>\n\t\t<\/div>\n\t\t\t\t\t<\/div>\n\t\t<\/section>\n\t\t\t\t<section class=\"elementor-section elementor-top-section elementor-element elementor-element-def9546 elementor-section-boxed elementor-section-height-default elementor-section-height-default\" data-id=\"def9546\" data-element_type=\"section\">\n\t\t\t\t\t\t<div class=\"elementor-container elementor-column-gap-default\">\n\t\t\t\t\t<div class=\"elementor-column elementor-col-100 elementor-top-column elementor-element elementor-element-3a48489\" data-id=\"3a48489\" data-element_type=\"column\">\n\t\t\t<div class=\"elementor-widget-wrap elementor-element-populated\">\n\t\t\t\t\t\t<div class=\"elementor-element elementor-element-4c37170 elementor-widget elementor-widget-text-editor\" data-id=\"4c37170\" data-element_type=\"widget\" data-widget_type=\"text-editor.default\">\n\t\t\t\t<div class=\"elementor-widget-container\">\n\t\t\t\t\t\t\t<h6><strong>Privacidade<\/strong><\/h6>\t\t\t\t\t\t<\/div>\n\t\t\t\t<\/div>\n\t\t\t\t<div class=\"elementor-element elementor-element-a173888 elementor-widget elementor-widget-text-editor\" data-id=\"a173888\" data-element_type=\"widget\" data-widget_type=\"text-editor.default\">\n\t\t\t\t<div class=\"elementor-widget-container\">\n\t\t\t\t\t\t\t<p><b>Constitui\u00e7\u00e3o da Rep\u00fablica Portuguesa\u00a0<\/b><\/p><p><b>Artigo 26<\/b>.\u00ba (a todos \u00e9 reconhecido o direito \u00e0 reserva da intimidade da vida privada e familiar)<br \/>C\u00f3digo Penal<\/p><p><b>Artigo 192.\u00ba<\/b> \u2013 Devassa da vida privada\u00a0(\u00e9 punido com pena de pris\u00e3o at\u00e9 um\u00a0ano ou pena de multa quem gravar ou\u00a0transmitir conversas, ou captar imagens,\u00a0ou ainda divulgar factos relativos \u00e0 vida\u00a0privada de outras pessoas)\u00a0<\/p><p><b>Artigo 199.\u00ba<\/b> \u2013 Grava\u00e7\u00f5es e fotografias\u00a0il\u00edcitas\u00a0(\u00e9 punido com pena de pris\u00e3o at\u00e9 um\u00a0ano ou pena de multa quem gravar ou\u00a0utilizar palavras de outra pessoa n\u00e3o\u00a0dirigidas ao p\u00fablico, sem consentimento\u00a0e quem fotografar ou filmar outra pessoa,\u00a0ou utilizar fotografias ou filmes, contra a\u00a0vontade dessa pessoa)<\/p><p>\u00a0<\/p><p><strong style=\"color: #555555; font-family: Montserrat; letter-spacing: 0.1px;\">\u00a0<\/strong><\/p><p><strong style=\"color: #555555; font-family: Montserrat; letter-spacing: 0.1px;\">Direito \u00e0 express\u00e3o<\/strong><\/p><p><b>Artigo 37<\/b>.\u00ba\u00a0(todos t\u00eam o direito de exprimir e divulgar\u00a0livremente o seu pensamento pela palavra,\u00a0pela imagem ou por qualquer outro meio)<\/p><p><b>Artigo 26<\/b>.\u00ba\u00a0(a todos s\u00e3o reconhecidos os direitos \u00e0\u00a0identidade pessoal, ao desenvolvimento da<br \/>personalidade, \u00e0 cidadania, ao bom nome\u00a0e reputa\u00e7\u00e3o, \u00e0 imagem, e \u00e0 prote\u00e7\u00e3o legal\u00a0contra quaisquer formas de discrimina\u00e7\u00e3o)\u00a0<\/p><p><b>C\u00f3digo Penal<\/b><\/p><p><b>Artigo 180.<\/b>\u00ba \u2013 Difama\u00e7\u00e3o\u00a0(\u00e9 punido com pena de pris\u00e3o at\u00e9 seis\u00a0meses ou com pena de multa at\u00e9 240 dias,\u00a0quem imputar a outra pessoa um facto, ou\u00a0emitir sobre ela uma opini\u00e3o ofensiva da\u00a0sua honra ou considera\u00e7\u00e3o)<\/p><p>\u00a0<\/p>\t\t\t\t\t\t<\/div>\n\t\t\t\t<\/div>\n\t\t\t\t\t<\/div>\n\t\t<\/div>\n\t\t\t\t\t<\/div>\n\t\t<\/section>\n\t\t\t\t<\/div>\n\t\t","protected":false},"excerpt":{"rendered":"<p>Legisla\u00e7\u00e3o Privacidade Constitui\u00e7\u00e3o da Rep\u00fablica Portuguesa\u00a0 Artigo 26.\u00ba (a todos \u00e9 reconhecido o direito \u00e0 reserva da intimidade da vida privada e familiar)C\u00f3digo Penal Artigo 192.\u00ba \u2013 Devassa da vida privada\u00a0(\u00e9 punido com pena de pris\u00e3o at\u00e9 um\u00a0ano ou pena de multa quem gravar ou\u00a0transmitir&nbsp;<a href=\"https:\/\/aevaledeste.pt\/site\/programs\/seguranca-digital\/legislacao\/\">&hellip;<\/a><\/p>\n","protected":false},"author":5,"featured_media":0,"parent":1526,"menu_order":0,"comment_status":"closed","ping_status":"closed","template":"","meta":{"footnotes":""},"class_list":["post-1693","page","type-page","status-publish","hentry","odd"],"yoast_head":"<!-- This site is optimized with the Yoast SEO plugin v23.7 - https:\/\/yoast.com\/wordpress\/plugins\/seo\/ -->\n<title>Legisla\u00e7\u00e3o - Agrupamento de Escolas de Vale D&#039;Este<\/title>\n<meta name=\"robots\" content=\"index, follow, max-snippet:-1, max-image-preview:large, max-video-preview:-1\" \/>\n<link rel=\"canonical\" href=\"https:\/\/aevaledeste.pt\/site\/programs\/seguranca-digital\/legislacao\/\" \/>\n<meta property=\"og:locale\" content=\"pt_PT\" \/>\n<meta property=\"og:type\" content=\"article\" \/>\n<meta property=\"og:title\" content=\"Legisla\u00e7\u00e3o - Agrupamento de Escolas de Vale D&#039;Este\" \/>\n<meta property=\"og:description\" content=\"Legisla\u00e7\u00e3o Privacidade Constitui\u00e7\u00e3o da Rep\u00fablica Portuguesa\u00a0 Artigo 26.\u00ba (a todos \u00e9 reconhecido o direito \u00e0 reserva da intimidade da vida privada e familiar)C\u00f3digo Penal Artigo 192.\u00ba \u2013 Devassa da vida privada\u00a0(\u00e9 punido com pena de pris\u00e3o at\u00e9 um\u00a0ano ou pena de multa quem gravar ou\u00a0transmitir&nbsp;&hellip;\" \/>\n<meta property=\"og:url\" content=\"https:\/\/aevaledeste.pt\/site\/programs\/seguranca-digital\/legislacao\/\" \/>\n<meta property=\"og:site_name\" content=\"Agrupamento de Escolas de Vale D&#039;Este\" \/>\n<meta property=\"article:modified_time\" content=\"2023-02-08T13:20:51+00:00\" \/>\n<meta name=\"twitter:card\" content=\"summary_large_image\" \/>\n<meta name=\"twitter:label1\" content=\"Tempo estimado de leitura\" \/>\n\t<meta name=\"twitter:data1\" content=\"1 minuto\" \/>\n<script type=\"application\/ld+json\" class=\"yoast-schema-graph\">{\"@context\":\"https:\/\/schema.org\",\"@graph\":[{\"@type\":\"WebPage\",\"@id\":\"https:\/\/aevaledeste.pt\/site\/programs\/seguranca-digital\/legislacao\/\",\"url\":\"https:\/\/aevaledeste.pt\/site\/programs\/seguranca-digital\/legislacao\/\",\"name\":\"Legisla\u00e7\u00e3o - Agrupamento de Escolas de Vale D&#039;Este\",\"isPartOf\":{\"@id\":\"https:\/\/aevaledeste.pt\/site\/#website\"},\"datePublished\":\"2023-02-08T12:50:30+00:00\",\"dateModified\":\"2023-02-08T13:20:51+00:00\",\"breadcrumb\":{\"@id\":\"https:\/\/aevaledeste.pt\/site\/programs\/seguranca-digital\/legislacao\/#breadcrumb\"},\"inLanguage\":\"pt-PT\",\"potentialAction\":[{\"@type\":\"ReadAction\",\"target\":[\"https:\/\/aevaledeste.pt\/site\/programs\/seguranca-digital\/legislacao\/\"]}]},{\"@type\":\"BreadcrumbList\",\"@id\":\"https:\/\/aevaledeste.pt\/site\/programs\/seguranca-digital\/legislacao\/#breadcrumb\",\"itemListElement\":[{\"@type\":\"ListItem\",\"position\":1,\"name\":\"In\u00edcio\",\"item\":\"https:\/\/aevaledeste.pt\/site\/\"},{\"@type\":\"ListItem\",\"position\":2,\"name\":\"Programs_r\",\"item\":\"https:\/\/aevaledeste.pt\/site\/programs\/\"},{\"@type\":\"ListItem\",\"position\":3,\"name\":\"Seguran\u00e7a Digital\",\"item\":\"https:\/\/aevaledeste.pt\/site\/programs\/seguranca-digital\/\"},{\"@type\":\"ListItem\",\"position\":4,\"name\":\"Legisla\u00e7\u00e3o\"}]},{\"@type\":\"WebSite\",\"@id\":\"https:\/\/aevaledeste.pt\/site\/#website\",\"url\":\"https:\/\/aevaledeste.pt\/site\/\",\"name\":\"Agrupamento de Escolas de Vale D&#039;Este\",\"description\":\"Faz a tua escolha!\",\"publisher\":{\"@id\":\"https:\/\/aevaledeste.pt\/site\/#organization\"},\"potentialAction\":[{\"@type\":\"SearchAction\",\"target\":{\"@type\":\"EntryPoint\",\"urlTemplate\":\"https:\/\/aevaledeste.pt\/site\/?s={search_term_string}\"},\"query-input\":{\"@type\":\"PropertyValueSpecification\",\"valueRequired\":true,\"valueName\":\"search_term_string\"}}],\"inLanguage\":\"pt-PT\"},{\"@type\":\"Organization\",\"@id\":\"https:\/\/aevaledeste.pt\/site\/#organization\",\"name\":\"Agrupamento de Escolas de Vale D&#039;Este\",\"url\":\"https:\/\/aevaledeste.pt\/site\/\",\"logo\":{\"@type\":\"ImageObject\",\"inLanguage\":\"pt-PT\",\"@id\":\"https:\/\/aevaledeste.pt\/site\/#\/schema\/logo\/image\/\",\"url\":\"https:\/\/aevaledeste.pt\/site\/wp-content\/uploads\/2022\/09\/1-e1664446422139.png\",\"contentUrl\":\"https:\/\/aevaledeste.pt\/site\/wp-content\/uploads\/2022\/09\/1-e1664446422139.png\",\"width\":600,\"height\":78,\"caption\":\"Agrupamento de Escolas de Vale D&#039;Este\"},\"image\":{\"@id\":\"https:\/\/aevaledeste.pt\/site\/#\/schema\/logo\/image\/\"}}]}<\/script>\n<!-- \/ Yoast SEO plugin. -->","yoast_head_json":{"title":"Legisla\u00e7\u00e3o - Agrupamento de Escolas de Vale D&#039;Este","robots":{"index":"index","follow":"follow","max-snippet":"max-snippet:-1","max-image-preview":"max-image-preview:large","max-video-preview":"max-video-preview:-1"},"canonical":"https:\/\/aevaledeste.pt\/site\/programs\/seguranca-digital\/legislacao\/","og_locale":"pt_PT","og_type":"article","og_title":"Legisla\u00e7\u00e3o - Agrupamento de Escolas de Vale D&#039;Este","og_description":"Legisla\u00e7\u00e3o Privacidade Constitui\u00e7\u00e3o da Rep\u00fablica Portuguesa\u00a0 Artigo 26.\u00ba (a todos \u00e9 reconhecido o direito \u00e0 reserva da intimidade da vida privada e familiar)C\u00f3digo Penal Artigo 192.\u00ba \u2013 Devassa da vida privada\u00a0(\u00e9 punido com pena de pris\u00e3o at\u00e9 um\u00a0ano ou pena de multa quem gravar ou\u00a0transmitir&nbsp;&hellip;","og_url":"https:\/\/aevaledeste.pt\/site\/programs\/seguranca-digital\/legislacao\/","og_site_name":"Agrupamento de Escolas de Vale D&#039;Este","article_modified_time":"2023-02-08T13:20:51+00:00","twitter_card":"summary_large_image","twitter_misc":{"Tempo estimado de leitura":"1 minuto"},"schema":{"@context":"https:\/\/schema.org","@graph":[{"@type":"WebPage","@id":"https:\/\/aevaledeste.pt\/site\/programs\/seguranca-digital\/legislacao\/","url":"https:\/\/aevaledeste.pt\/site\/programs\/seguranca-digital\/legislacao\/","name":"Legisla\u00e7\u00e3o - Agrupamento de Escolas de Vale D&#039;Este","isPartOf":{"@id":"https:\/\/aevaledeste.pt\/site\/#website"},"datePublished":"2023-02-08T12:50:30+00:00","dateModified":"2023-02-08T13:20:51+00:00","breadcrumb":{"@id":"https:\/\/aevaledeste.pt\/site\/programs\/seguranca-digital\/legislacao\/#breadcrumb"},"inLanguage":"pt-PT","potentialAction":[{"@type":"ReadAction","target":["https:\/\/aevaledeste.pt\/site\/programs\/seguranca-digital\/legislacao\/"]}]},{"@type":"BreadcrumbList","@id":"https:\/\/aevaledeste.pt\/site\/programs\/seguranca-digital\/legislacao\/#breadcrumb","itemListElement":[{"@type":"ListItem","position":1,"name":"In\u00edcio","item":"https:\/\/aevaledeste.pt\/site\/"},{"@type":"ListItem","position":2,"name":"Programs_r","item":"https:\/\/aevaledeste.pt\/site\/programs\/"},{"@type":"ListItem","position":3,"name":"Seguran\u00e7a Digital","item":"https:\/\/aevaledeste.pt\/site\/programs\/seguranca-digital\/"},{"@type":"ListItem","position":4,"name":"Legisla\u00e7\u00e3o"}]},{"@type":"WebSite","@id":"https:\/\/aevaledeste.pt\/site\/#website","url":"https:\/\/aevaledeste.pt\/site\/","name":"Agrupamento de Escolas de Vale D&#039;Este","description":"Faz a tua escolha!","publisher":{"@id":"https:\/\/aevaledeste.pt\/site\/#organization"},"potentialAction":[{"@type":"SearchAction","target":{"@type":"EntryPoint","urlTemplate":"https:\/\/aevaledeste.pt\/site\/?s={search_term_string}"},"query-input":{"@type":"PropertyValueSpecification","valueRequired":true,"valueName":"search_term_string"}}],"inLanguage":"pt-PT"},{"@type":"Organization","@id":"https:\/\/aevaledeste.pt\/site\/#organization","name":"Agrupamento de Escolas de Vale D&#039;Este","url":"https:\/\/aevaledeste.pt\/site\/","logo":{"@type":"ImageObject","inLanguage":"pt-PT","@id":"https:\/\/aevaledeste.pt\/site\/#\/schema\/logo\/image\/","url":"https:\/\/aevaledeste.pt\/site\/wp-content\/uploads\/2022\/09\/1-e1664446422139.png","contentUrl":"https:\/\/aevaledeste.pt\/site\/wp-content\/uploads\/2022\/09\/1-e1664446422139.png","width":600,"height":78,"caption":"Agrupamento de Escolas de Vale D&#039;Este"},"image":{"@id":"https:\/\/aevaledeste.pt\/site\/#\/schema\/logo\/image\/"}}]}},"_links":{"self":[{"href":"https:\/\/aevaledeste.pt\/site\/wp-json\/wp\/v2\/pages\/1693","targetHints":{"allow":["GET"]}}],"collection":[{"href":"https:\/\/aevaledeste.pt\/site\/wp-json\/wp\/v2\/pages"}],"about":[{"href":"https:\/\/aevaledeste.pt\/site\/wp-json\/wp\/v2\/types\/page"}],"author":[{"embeddable":true,"href":"https:\/\/aevaledeste.pt\/site\/wp-json\/wp\/v2\/users\/5"}],"replies":[{"embeddable":true,"href":"https:\/\/aevaledeste.pt\/site\/wp-json\/wp\/v2\/comments?post=1693"}],"version-history":[{"count":8,"href":"https:\/\/aevaledeste.pt\/site\/wp-json\/wp\/v2\/pages\/1693\/revisions"}],"predecessor-version":[{"id":1701,"href":"https:\/\/aevaledeste.pt\/site\/wp-json\/wp\/v2\/pages\/1693\/revisions\/1701"}],"up":[{"embeddable":true,"href":"https:\/\/aevaledeste.pt\/site\/wp-json\/wp\/v2\/pages\/1526"}],"wp:attachment":[{"href":"https:\/\/aevaledeste.pt\/site\/wp-json\/wp\/v2\/media?parent=1693"}],"curies":[{"name":"wp","href":"https:\/\/api.w.org\/{rel}","templated":true}]}}