{"id":1568,"date":"2023-02-01T23:40:45","date_gmt":"2023-02-01T23:40:45","guid":{"rendered":"https:\/\/testevaledeste.pt\/angela\/?page_id=1568"},"modified":"2023-02-01T23:53:18","modified_gmt":"2023-02-01T23:53:18","slug":"linhas-de-apoio","status":"publish","type":"page","link":"https:\/\/aevaledeste.pt\/site\/programs\/linhas-de-apoio\/","title":{"rendered":"Linhas de Apoio"},"content":{"rendered":"\t\t<div data-elementor-type=\"wp-post\" data-elementor-id=\"1568\" class=\"elementor elementor-1568\">\n\t\t\t\t\t\t<section class=\"elementor-section elementor-top-section elementor-element elementor-element-2d42552 elementor-section-boxed elementor-section-height-default elementor-section-height-default\" data-id=\"2d42552\" data-element_type=\"section\">\n\t\t\t\t\t\t<div class=\"elementor-container elementor-column-gap-default\">\n\t\t\t\t\t<div class=\"elementor-column elementor-col-100 elementor-top-column elementor-element elementor-element-7eadef6\" data-id=\"7eadef6\" data-element_type=\"column\">\n\t\t\t<div class=\"elementor-widget-wrap elementor-element-populated\">\n\t\t\t\t\t\t<div class=\"elementor-element elementor-element-0e7070b elementor-widget elementor-widget-heading\" data-id=\"0e7070b\" data-element_type=\"widget\" data-widget_type=\"heading.default\">\n\t\t\t\t<div class=\"elementor-widget-container\">\n\t\t\t<h2 class=\"elementor-heading-title elementor-size-default\"><b>Linhas de Apoio<\/b><\/h2>\t\t<\/div>\n\t\t\t\t<\/div>\n\t\t\t\t\t<\/div>\n\t\t<\/div>\n\t\t\t\t\t<\/div>\n\t\t<\/section>\n\t\t\t\t<section class=\"elementor-section elementor-top-section elementor-element elementor-element-def9546 elementor-section-boxed elementor-section-height-default elementor-section-height-default\" data-id=\"def9546\" data-element_type=\"section\">\n\t\t\t\t\t\t<div class=\"elementor-container elementor-column-gap-default\">\n\t\t\t\t\t<div class=\"elementor-column elementor-col-100 elementor-top-column elementor-element elementor-element-3a48489\" data-id=\"3a48489\" data-element_type=\"column\">\n\t\t\t<div class=\"elementor-widget-wrap elementor-element-populated\">\n\t\t\t\t\t\t<div class=\"elementor-element elementor-element-4c37170 elementor-widget elementor-widget-text-editor\" data-id=\"4c37170\" data-element_type=\"widget\" data-widget_type=\"text-editor.default\">\n\t\t\t\t<div class=\"elementor-widget-container\">\n\t\t\t\t\t\t\t<h6><strong>Tens d\u00favidas?<\/strong><\/h6>\t\t\t\t\t\t<\/div>\n\t\t\t\t<\/div>\n\t\t\t\t<div class=\"elementor-element elementor-element-a173888 elementor-widget elementor-widget-text-editor\" data-id=\"a173888\" data-element_type=\"widget\" data-widget_type=\"text-editor.default\">\n\t\t\t\t<div class=\"elementor-widget-container\">\n\t\t\t\t\t\t\t<p lang=\"PT-PT\" style=\"box-sizing: inherit; margin-top: 0px; margin-bottom: 0.75em; color: #666666; font-size: 18px; line-height: 28px; font-family: Nunito, sans-serif; letter-spacing: normal;\" xml:lang=\"PT-PT\">Hor\u00e1rio de funcionamento da Linha Internet Segura: das 9h00 \u00e0s 21h00, nos dias \u00fateis.\u00a0\u00a0\u00a0<\/p><p lang=\"PT-PT\" style=\"box-sizing: inherit; margin-top: 0px; margin-bottom: 0.75em; color: #666666; font-size: 18px; line-height: 28px; font-family: Nunito, sans-serif; letter-spacing: normal;\" xml:lang=\"PT-PT\">Acess\u00edvel atrav\u00e9s de:\u00a0\u00a0<\/p><ul><li lang=\"PT-PT\" style=\"box-sizing: inherit; color: #666666; font-size: 18px; line-height: 28px; font-family: Nunito, sans-serif; letter-spacing: normal;\" xml:lang=\"PT-PT\">800 21 90 90 (contacto telef\u00f3nico gratuito)\u00a0\u00a0<\/li><li lang=\"PT-PT\" style=\"box-sizing: inherit; color: #666666; font-size: 18px; line-height: 28px; font-family: Nunito, sans-serif; letter-spacing: normal;\" xml:lang=\"PT-PT\">correio eletr\u00f3nico &#8211;\u00a0<a href=\"mailto:linhainternetsegura@apav.pt\">linhainternetsegura@apav.pt<\/a><\/li><\/ul>\t\t\t\t\t\t<\/div>\n\t\t\t\t<\/div>\n\t\t\t\t<div class=\"elementor-element elementor-element-a2f7655 elementor-widget elementor-widget-heading\" data-id=\"a2f7655\" data-element_type=\"widget\" data-widget_type=\"heading.default\">\n\t\t\t\t<div class=\"elementor-widget-container\">\n\t\t\t<h4 class=\"elementor-heading-title elementor-size-default\"><h1 style=\"font-size: 1em;margin-top: 0px;margin-bottom: 0.75em;font-family: Nunito, sans-serif;line-height: 1.2;letter-spacing: normal;white-space: normal\"><span style=\"font-size: 21px;line-height: 30px;font-weight: 700\">Outros links de Apoio<\/span><\/h1><\/h4>\t\t<\/div>\n\t\t\t\t<\/div>\n\t\t\t\t<div class=\"elementor-element elementor-element-b1344d3 elementor-widget elementor-widget-text-editor\" data-id=\"b1344d3\" data-element_type=\"widget\" data-widget_type=\"text-editor.default\">\n\t\t\t\t<div class=\"elementor-widget-container\">\n\t\t\t\t\t\t\t<ul><li lang=\"PT-PT\" style=\"box-sizing: inherit; line-height: 28px;\" xml:lang=\"PT-PT\"><span style=\"color: #000000; font-family: Nunito, sans-serif;\"><span style=\"font-size: 18px; letter-spacing: normal;\">Associa\u00e7\u00e3o Portuguesa de Apoio \u00e0 V\u00edtima. Dispon\u00edvel em: <a href=\"https:\/\/apav.pt\">https:\/\/apav.pt<\/a><\/span><\/span><\/li><\/ul><ul><li lang=\"PT-PT\" style=\"box-sizing: inherit; line-height: 28px;\" xml:lang=\"PT-PT\"><span style=\"color: #000000; font-family: Nunito, sans-serif;\"><span style=\"font-size: 18px; letter-spacing: normal;\">Gabinete Cibercrime da Procuradoria-Geral da Rep\u00fablica. Dispon\u00edvel em: <a href=\"https:\/\/www.ministeriopublico.pt\/contato\/gabinete-cibercrime\">https:\/\/www.ministeriopublico.pt\/contato\/gabinete-cibercrime<\/a><\/span><\/span><\/li><\/ul><ul><li lang=\"PT-PT\" style=\"box-sizing: inherit; line-height: 28px;\" xml:lang=\"PT-PT\"><span style=\"color: #000000; font-family: Nunito, sans-serif;\"><span style=\"font-size: 18px; letter-spacing: normal;\">Linha SOS Crian\u00e7a. Dispon\u00edvel em: <a href=\"https:\/\/iacrianca.pt\/intervencao\/sos-crianca\/\">https:\/\/iacrianca.pt\/intervencao\/sos-crianca\/<\/a><\/span><\/span><\/li><\/ul><ul><li lang=\"PT-PT\" style=\"box-sizing: inherit; line-height: 28px;\" xml:lang=\"PT-PT\"><span style=\"color: #000000; font-family: Nunito, sans-serif;\"><span style=\"font-size: 18px; letter-spacing: normal;\">SeguraNet \u2013 Navegar em Seguran\u00e7a. Dispon\u00edvel em: <a href=\"http:\/\/www.seguranet.pt\">http:\/\/www.seguranet.pt<\/a><\/span><\/span><\/li><\/ul><ul><li lang=\"PT-PT\" style=\"box-sizing: inherit; line-height: 28px;\" xml:lang=\"PT-PT\"><span style=\"color: #8ec738; font-family: Nunito, sans-serif;\"><span style=\"font-size: 18px; letter-spacing: normal;\"><span style=\"color: #000000;\">Rede europeia de Centros Internet Segura \u2013 Insafe. Dispon\u00edvel em:<\/span> <a href=\"https:\/\/youth.betterinternetforkids.eu\/web\/portal\/home\"><span style=\"color: #000000;\">https:\/\/youth.betterinternetforkids.eu\/web\/portal\/home<\/span><\/a><\/span><\/span><\/li><\/ul>\t\t\t\t\t\t<\/div>\n\t\t\t\t<\/div>\n\t\t\t\t\t<\/div>\n\t\t<\/div>\n\t\t\t\t\t<\/div>\n\t\t<\/section>\n\t\t\t\t<\/div>\n\t\t","protected":false},"excerpt":{"rendered":"<p>Linhas de Apoio Tens d\u00favidas? Hor\u00e1rio de funcionamento da Linha Internet Segura: das 9h00 \u00e0s 21h00, nos dias \u00fateis.\u00a0\u00a0\u00a0 Acess\u00edvel atrav\u00e9s de:\u00a0\u00a0 800 21 90 90 (contacto telef\u00f3nico gratuito)\u00a0\u00a0 correio eletr\u00f3nico &#8211;\u00a0linhainternetsegura@apav.pt Outros links de Apoio Associa\u00e7\u00e3o Portuguesa de Apoio \u00e0 V\u00edtima. Dispon\u00edvel em: https:\/\/apav.pt&nbsp;<a href=\"https:\/\/aevaledeste.pt\/site\/programs\/linhas-de-apoio\/\">&hellip;<\/a><\/p>\n","protected":false},"author":5,"featured_media":0,"parent":202,"menu_order":0,"comment_status":"closed","ping_status":"closed","template":"","meta":{"footnotes":""},"class_list":["post-1568","page","type-page","status-publish","hentry","odd"],"yoast_head":"<!-- This site is optimized with the Yoast SEO plugin v23.7 - https:\/\/yoast.com\/wordpress\/plugins\/seo\/ -->\n<title>Linhas de Apoio - Agrupamento de Escolas de Vale D&#039;Este<\/title>\n<meta name=\"robots\" content=\"index, follow, max-snippet:-1, max-image-preview:large, max-video-preview:-1\" \/>\n<link rel=\"canonical\" href=\"https:\/\/aevaledeste.pt\/site\/programs\/linhas-de-apoio\/\" \/>\n<meta property=\"og:locale\" content=\"pt_PT\" \/>\n<meta property=\"og:type\" content=\"article\" \/>\n<meta property=\"og:title\" content=\"Linhas de Apoio - Agrupamento de Escolas de Vale D&#039;Este\" \/>\n<meta property=\"og:description\" content=\"Linhas de Apoio Tens d\u00favidas? Hor\u00e1rio de funcionamento da Linha Internet Segura: das 9h00 \u00e0s 21h00, nos dias \u00fateis.\u00a0\u00a0\u00a0 Acess\u00edvel atrav\u00e9s de:\u00a0\u00a0 800 21 90 90 (contacto telef\u00f3nico gratuito)\u00a0\u00a0 correio eletr\u00f3nico &#8211;\u00a0linhainternetsegura@apav.pt Outros links de Apoio Associa\u00e7\u00e3o Portuguesa de Apoio \u00e0 V\u00edtima. Dispon\u00edvel em: https:\/\/apav.pt&nbsp;&hellip;\" \/>\n<meta property=\"og:url\" content=\"https:\/\/aevaledeste.pt\/site\/programs\/linhas-de-apoio\/\" \/>\n<meta property=\"og:site_name\" content=\"Agrupamento de Escolas de Vale D&#039;Este\" \/>\n<meta property=\"article:modified_time\" content=\"2023-02-01T23:53:18+00:00\" \/>\n<meta name=\"twitter:card\" content=\"summary_large_image\" \/>\n<meta name=\"twitter:label1\" content=\"Tempo estimado de leitura\" \/>\n\t<meta name=\"twitter:data1\" content=\"1 minuto\" \/>\n<script type=\"application\/ld+json\" class=\"yoast-schema-graph\">{\"@context\":\"https:\/\/schema.org\",\"@graph\":[{\"@type\":\"WebPage\",\"@id\":\"https:\/\/aevaledeste.pt\/site\/programs\/linhas-de-apoio\/\",\"url\":\"https:\/\/aevaledeste.pt\/site\/programs\/linhas-de-apoio\/\",\"name\":\"Linhas de Apoio - Agrupamento de Escolas de Vale D&#039;Este\",\"isPartOf\":{\"@id\":\"https:\/\/aevaledeste.pt\/site\/#website\"},\"datePublished\":\"2023-02-01T23:40:45+00:00\",\"dateModified\":\"2023-02-01T23:53:18+00:00\",\"breadcrumb\":{\"@id\":\"https:\/\/aevaledeste.pt\/site\/programs\/linhas-de-apoio\/#breadcrumb\"},\"inLanguage\":\"pt-PT\",\"potentialAction\":[{\"@type\":\"ReadAction\",\"target\":[\"https:\/\/aevaledeste.pt\/site\/programs\/linhas-de-apoio\/\"]}]},{\"@type\":\"BreadcrumbList\",\"@id\":\"https:\/\/aevaledeste.pt\/site\/programs\/linhas-de-apoio\/#breadcrumb\",\"itemListElement\":[{\"@type\":\"ListItem\",\"position\":1,\"name\":\"In\u00edcio\",\"item\":\"https:\/\/aevaledeste.pt\/site\/\"},{\"@type\":\"ListItem\",\"position\":2,\"name\":\"Programs_r\",\"item\":\"https:\/\/aevaledeste.pt\/site\/programs\/\"},{\"@type\":\"ListItem\",\"position\":3,\"name\":\"Linhas de Apoio\"}]},{\"@type\":\"WebSite\",\"@id\":\"https:\/\/aevaledeste.pt\/site\/#website\",\"url\":\"https:\/\/aevaledeste.pt\/site\/\",\"name\":\"Agrupamento de Escolas de Vale D&#039;Este\",\"description\":\"Faz a tua escolha!\",\"publisher\":{\"@id\":\"https:\/\/aevaledeste.pt\/site\/#organization\"},\"potentialAction\":[{\"@type\":\"SearchAction\",\"target\":{\"@type\":\"EntryPoint\",\"urlTemplate\":\"https:\/\/aevaledeste.pt\/site\/?s={search_term_string}\"},\"query-input\":{\"@type\":\"PropertyValueSpecification\",\"valueRequired\":true,\"valueName\":\"search_term_string\"}}],\"inLanguage\":\"pt-PT\"},{\"@type\":\"Organization\",\"@id\":\"https:\/\/aevaledeste.pt\/site\/#organization\",\"name\":\"Agrupamento de Escolas de Vale D&#039;Este\",\"url\":\"https:\/\/aevaledeste.pt\/site\/\",\"logo\":{\"@type\":\"ImageObject\",\"inLanguage\":\"pt-PT\",\"@id\":\"https:\/\/aevaledeste.pt\/site\/#\/schema\/logo\/image\/\",\"url\":\"https:\/\/aevaledeste.pt\/site\/wp-content\/uploads\/2022\/09\/1-e1664446422139.png\",\"contentUrl\":\"https:\/\/aevaledeste.pt\/site\/wp-content\/uploads\/2022\/09\/1-e1664446422139.png\",\"width\":600,\"height\":78,\"caption\":\"Agrupamento de Escolas de Vale D&#039;Este\"},\"image\":{\"@id\":\"https:\/\/aevaledeste.pt\/site\/#\/schema\/logo\/image\/\"}}]}<\/script>\n<!-- \/ Yoast SEO plugin. -->","yoast_head_json":{"title":"Linhas de Apoio - Agrupamento de Escolas de Vale D&#039;Este","robots":{"index":"index","follow":"follow","max-snippet":"max-snippet:-1","max-image-preview":"max-image-preview:large","max-video-preview":"max-video-preview:-1"},"canonical":"https:\/\/aevaledeste.pt\/site\/programs\/linhas-de-apoio\/","og_locale":"pt_PT","og_type":"article","og_title":"Linhas de Apoio - Agrupamento de Escolas de Vale D&#039;Este","og_description":"Linhas de Apoio Tens d\u00favidas? Hor\u00e1rio de funcionamento da Linha Internet Segura: das 9h00 \u00e0s 21h00, nos dias \u00fateis.\u00a0\u00a0\u00a0 Acess\u00edvel atrav\u00e9s de:\u00a0\u00a0 800 21 90 90 (contacto telef\u00f3nico gratuito)\u00a0\u00a0 correio eletr\u00f3nico &#8211;\u00a0linhainternetsegura@apav.pt Outros links de Apoio Associa\u00e7\u00e3o Portuguesa de Apoio \u00e0 V\u00edtima. Dispon\u00edvel em: https:\/\/apav.pt&nbsp;&hellip;","og_url":"https:\/\/aevaledeste.pt\/site\/programs\/linhas-de-apoio\/","og_site_name":"Agrupamento de Escolas de Vale D&#039;Este","article_modified_time":"2023-02-01T23:53:18+00:00","twitter_card":"summary_large_image","twitter_misc":{"Tempo estimado de leitura":"1 minuto"},"schema":{"@context":"https:\/\/schema.org","@graph":[{"@type":"WebPage","@id":"https:\/\/aevaledeste.pt\/site\/programs\/linhas-de-apoio\/","url":"https:\/\/aevaledeste.pt\/site\/programs\/linhas-de-apoio\/","name":"Linhas de Apoio - Agrupamento de Escolas de Vale D&#039;Este","isPartOf":{"@id":"https:\/\/aevaledeste.pt\/site\/#website"},"datePublished":"2023-02-01T23:40:45+00:00","dateModified":"2023-02-01T23:53:18+00:00","breadcrumb":{"@id":"https:\/\/aevaledeste.pt\/site\/programs\/linhas-de-apoio\/#breadcrumb"},"inLanguage":"pt-PT","potentialAction":[{"@type":"ReadAction","target":["https:\/\/aevaledeste.pt\/site\/programs\/linhas-de-apoio\/"]}]},{"@type":"BreadcrumbList","@id":"https:\/\/aevaledeste.pt\/site\/programs\/linhas-de-apoio\/#breadcrumb","itemListElement":[{"@type":"ListItem","position":1,"name":"In\u00edcio","item":"https:\/\/aevaledeste.pt\/site\/"},{"@type":"ListItem","position":2,"name":"Programs_r","item":"https:\/\/aevaledeste.pt\/site\/programs\/"},{"@type":"ListItem","position":3,"name":"Linhas de Apoio"}]},{"@type":"WebSite","@id":"https:\/\/aevaledeste.pt\/site\/#website","url":"https:\/\/aevaledeste.pt\/site\/","name":"Agrupamento de Escolas de Vale D&#039;Este","description":"Faz a tua escolha!","publisher":{"@id":"https:\/\/aevaledeste.pt\/site\/#organization"},"potentialAction":[{"@type":"SearchAction","target":{"@type":"EntryPoint","urlTemplate":"https:\/\/aevaledeste.pt\/site\/?s={search_term_string}"},"query-input":{"@type":"PropertyValueSpecification","valueRequired":true,"valueName":"search_term_string"}}],"inLanguage":"pt-PT"},{"@type":"Organization","@id":"https:\/\/aevaledeste.pt\/site\/#organization","name":"Agrupamento de Escolas de Vale D&#039;Este","url":"https:\/\/aevaledeste.pt\/site\/","logo":{"@type":"ImageObject","inLanguage":"pt-PT","@id":"https:\/\/aevaledeste.pt\/site\/#\/schema\/logo\/image\/","url":"https:\/\/aevaledeste.pt\/site\/wp-content\/uploads\/2022\/09\/1-e1664446422139.png","contentUrl":"https:\/\/aevaledeste.pt\/site\/wp-content\/uploads\/2022\/09\/1-e1664446422139.png","width":600,"height":78,"caption":"Agrupamento de Escolas de Vale D&#039;Este"},"image":{"@id":"https:\/\/aevaledeste.pt\/site\/#\/schema\/logo\/image\/"}}]}},"_links":{"self":[{"href":"https:\/\/aevaledeste.pt\/site\/wp-json\/wp\/v2\/pages\/1568","targetHints":{"allow":["GET"]}}],"collection":[{"href":"https:\/\/aevaledeste.pt\/site\/wp-json\/wp\/v2\/pages"}],"about":[{"href":"https:\/\/aevaledeste.pt\/site\/wp-json\/wp\/v2\/types\/page"}],"author":[{"embeddable":true,"href":"https:\/\/aevaledeste.pt\/site\/wp-json\/wp\/v2\/users\/5"}],"replies":[{"embeddable":true,"href":"https:\/\/aevaledeste.pt\/site\/wp-json\/wp\/v2\/comments?post=1568"}],"version-history":[{"count":13,"href":"https:\/\/aevaledeste.pt\/site\/wp-json\/wp\/v2\/pages\/1568\/revisions"}],"predecessor-version":[{"id":1582,"href":"https:\/\/aevaledeste.pt\/site\/wp-json\/wp\/v2\/pages\/1568\/revisions\/1582"}],"up":[{"embeddable":true,"href":"https:\/\/aevaledeste.pt\/site\/wp-json\/wp\/v2\/pages\/202"}],"wp:attachment":[{"href":"https:\/\/aevaledeste.pt\/site\/wp-json\/wp\/v2\/media?parent=1568"}],"curies":[{"name":"wp","href":"https:\/\/api.w.org\/{rel}","templated":true}]}}