{"id":1306,"date":"2022-11-21T23:42:00","date_gmt":"2022-11-21T23:42:00","guid":{"rendered":"https:\/\/testevaledeste.pt\/angela\/?page_id=1306"},"modified":"2023-09-27T14:51:06","modified_gmt":"2023-09-27T14:51:06","slug":"eqavet_informacao_graficos_monitorizacao","status":"publish","type":"page","link":"https:\/\/aevaledeste.pt\/site\/eqavet_informacao_graficos_monitorizacao\/","title":{"rendered":"EQAVET_Informacao_Graficos_Monitorizacao"},"content":{"rendered":"\t\t<div data-elementor-type=\"wp-page\" data-elementor-id=\"1306\" class=\"elementor elementor-1306\">\n\t\t\t\t\t\t<section class=\"elementor-section elementor-top-section elementor-element elementor-element-68a6da79 elementor-section-boxed elementor-section-height-default elementor-section-height-default\" data-id=\"68a6da79\" data-element_type=\"section\">\n\t\t\t\t\t\t<div class=\"elementor-container elementor-column-gap-default\">\n\t\t\t\t\t<div class=\"elementor-column elementor-col-100 elementor-top-column elementor-element elementor-element-4c036a1f\" data-id=\"4c036a1f\" data-element_type=\"column\">\n\t\t\t<div class=\"elementor-widget-wrap elementor-element-populated\">\n\t\t\t\t\t\t<div class=\"elementor-element elementor-element-5545584f elementor-widget elementor-widget-text-editor\" data-id=\"5545584f\" data-element_type=\"widget\" data-widget_type=\"text-editor.default\">\n\t\t\t\t<div class=\"elementor-widget-container\">\n\t\t\t\t\t\t\t<p><!-- wp:paragraph --><\/p>\n<blockquote>\n<h4>INFORMA\u00c7\u00c3O &#8211; RELAT\u00d3RIOS\/GR\u00c1FICOS DE MONITORIZA\u00c7\u00c3O<\/h4>\n<\/blockquote>\n<p><!-- \/wp:quote --><\/p>\n<p><!-- wp:paragraph --><\/p>\n<h6><span style=\"text-decoration: underline;\"><strong>Consulte:<\/strong><\/span><\/h6>\n<p><a href=\"https:\/\/aevaledeste.pt\/site\/wp-content\/uploads\/2023\/09\/Relatorio_Professores.pdf\" target=\"_blank\" rel=\"noopener\">Relat\u00f3rio Inqu\u00e9rito aos Professores<\/a><\/p>\n<hr \/>\n<p><a href=\"https:\/\/aevaledeste.pt\/site\/wp-content\/uploads\/2023\/09\/INQSatisfacaoProfessores.pdf\" target=\"_blank\" rel=\"noopener\">An\u00e1lise Gr\u00e1fica ao Inqu\u00e9rito aos Professores<\/a><\/p>\n<hr \/>\n<p><a href=\"https:\/\/aevaledeste.pt\/site\/wp-content\/uploads\/2023\/09\/Relatorio_Alunos.pdf\" target=\"_blank\" rel=\"noopener\">Relat\u00f3rio Inqu\u00e9rito aos Alunos<\/a><\/p>\n<hr \/>\n<p><a href=\"https:\/\/aevaledeste.pt\/site\/wp-content\/uploads\/2023\/09\/INQAlunos.pdf\" target=\"_blank\" rel=\"noopener\">An\u00e1lise Gr\u00e1fica ao Inqu\u00e9rito aos Alunos<\/a><\/p>\n<hr \/>\n<p class=\"MsoNormal\"><a href=\"https:\/\/aevaledeste.pt\/site\/wp-content\/uploads\/2023\/09\/Relatorio_Pais_EE.pdf\" target=\"_blank\" rel=\"noopener\">Relat\u00f3rio Inqu\u00e9rito aos Pais<\/a><\/p>\n<hr \/>\n<p class=\"MsoNormal\"><a href=\"https:\/\/aevaledeste.pt\/site\/wp-content\/uploads\/2023\/09\/INQSatisfacaoPais.pdf\" target=\"_blank\" rel=\"noopener\">An\u00e1lise Gr\u00e1fica ao Inqu\u00e9rito aos Pais<\/a><\/p>\n<hr \/>\n<p class=\"MsoNormal\"><a href=\"https:\/\/aevaledeste.pt\/site\/wp-content\/uploads\/2023\/09\/Relatorio_Entidades_Acolhimento_FCT.pdf\" target=\"_blank\" rel=\"noopener\">Relat\u00f3rio Inqu\u00e9rito \u00e0s Entidades de Acolhimento de FCT<\/a><\/p>\n<hr \/>\n<p class=\"MsoNormal\"><a href=\"https:\/\/aevaledeste.pt\/site\/wp-content\/uploads\/2023\/09\/INQEntidadesAcolhimentoFCT.pdf\" target=\"_blank\" rel=\"noopener\">An\u00e1lise Gr\u00e1fica ao Inqu\u00e9rito \u00e0s Entidades de Acolhimento das<\/a><br \/>FCTs<\/p>\n<hr \/>\n<p class=\"MsoNormal\"><a href=\"https:\/\/aevaledeste.pt\/site\/wp-content\/uploads\/2023\/09\/Relatorio_Ex_alunos.pdf\" target=\"_blank\" rel=\"noopener\">Relat\u00f3rio Inqu\u00e9rito aos Ex-Alunos<\/a><\/p>\n<hr \/>\n<p class=\"MsoNormal\"><a href=\"https:\/\/aevaledeste.pt\/site\/wp-content\/uploads\/2023\/09\/INQEx_alunos.pdf\" target=\"_blank\" rel=\"noopener\">An\u00e1lise Gr\u00e1fica ao Inqu\u00e9rito aos Ex-Alunos<\/a><\/p>\n<p><!-- \/wp:quote --><\/p>\n<p><!-- wp:paragraph --><\/p>\n<p><!-- \/wp:paragraph --><\/p>\t\t\t\t\t\t<\/div>\n\t\t\t\t<\/div>\n\t\t\t\t\t<\/div>\n\t\t<\/div>\n\t\t\t\t\t<\/div>\n\t\t<\/section>\n\t\t\t\t<\/div>\n\t\t","protected":false},"excerpt":{"rendered":"<p>INFORMA\u00c7\u00c3O &#8211; RELAT\u00d3RIOS\/GR\u00c1FICOS DE MONITORIZA\u00c7\u00c3O Consulte: Relat\u00f3rio Inqu\u00e9rito aos Professores An\u00e1lise Gr\u00e1fica ao Inqu\u00e9rito aos Professores Relat\u00f3rio Inqu\u00e9rito aos Alunos An\u00e1lise Gr\u00e1fica ao Inqu\u00e9rito aos Alunos Relat\u00f3rio Inqu\u00e9rito aos Pais An\u00e1lise Gr\u00e1fica ao Inqu\u00e9rito aos Pais Relat\u00f3rio Inqu\u00e9rito \u00e0s Entidades de Acolhimento de FCT An\u00e1lise&nbsp;<a href=\"https:\/\/aevaledeste.pt\/site\/eqavet_informacao_graficos_monitorizacao\/\">&hellip;<\/a><\/p>\n","protected":false},"author":5,"featured_media":0,"parent":0,"menu_order":0,"comment_status":"closed","ping_status":"closed","template":"","meta":{"footnotes":""},"class_list":["post-1306","page","type-page","status-publish","hentry","odd"],"yoast_head":"<!-- This site is optimized with the Yoast SEO plugin v23.7 - https:\/\/yoast.com\/wordpress\/plugins\/seo\/ -->\n<title>EQAVET_Informacao_Graficos_Monitorizacao - Agrupamento de Escolas de Vale D&#039;Este<\/title>\n<meta name=\"robots\" content=\"index, follow, max-snippet:-1, max-image-preview:large, max-video-preview:-1\" \/>\n<link rel=\"canonical\" href=\"https:\/\/aevaledeste.pt\/site\/eqavet_informacao_graficos_monitorizacao\/\" \/>\n<meta property=\"og:locale\" content=\"pt_PT\" \/>\n<meta property=\"og:type\" content=\"article\" \/>\n<meta property=\"og:title\" content=\"EQAVET_Informacao_Graficos_Monitorizacao - Agrupamento de Escolas de Vale D&#039;Este\" \/>\n<meta property=\"og:description\" content=\"INFORMA\u00c7\u00c3O &#8211; RELAT\u00d3RIOS\/GR\u00c1FICOS DE MONITORIZA\u00c7\u00c3O Consulte: Relat\u00f3rio Inqu\u00e9rito aos Professores An\u00e1lise Gr\u00e1fica ao Inqu\u00e9rito aos Professores Relat\u00f3rio Inqu\u00e9rito aos Alunos An\u00e1lise Gr\u00e1fica ao Inqu\u00e9rito aos Alunos Relat\u00f3rio Inqu\u00e9rito aos Pais An\u00e1lise Gr\u00e1fica ao Inqu\u00e9rito aos Pais Relat\u00f3rio Inqu\u00e9rito \u00e0s Entidades de Acolhimento de FCT An\u00e1lise&nbsp;&hellip;\" \/>\n<meta property=\"og:url\" content=\"https:\/\/aevaledeste.pt\/site\/eqavet_informacao_graficos_monitorizacao\/\" \/>\n<meta property=\"og:site_name\" content=\"Agrupamento de Escolas de Vale D&#039;Este\" \/>\n<meta property=\"article:modified_time\" content=\"2023-09-27T14:51:06+00:00\" \/>\n<meta name=\"twitter:card\" content=\"summary_large_image\" \/>\n<script type=\"application\/ld+json\" class=\"yoast-schema-graph\">{\"@context\":\"https:\/\/schema.org\",\"@graph\":[{\"@type\":\"WebPage\",\"@id\":\"https:\/\/aevaledeste.pt\/site\/eqavet_informacao_graficos_monitorizacao\/\",\"url\":\"https:\/\/aevaledeste.pt\/site\/eqavet_informacao_graficos_monitorizacao\/\",\"name\":\"EQAVET_Informacao_Graficos_Monitorizacao - Agrupamento de Escolas de Vale D&#039;Este\",\"isPartOf\":{\"@id\":\"https:\/\/aevaledeste.pt\/site\/#website\"},\"datePublished\":\"2022-11-21T23:42:00+00:00\",\"dateModified\":\"2023-09-27T14:51:06+00:00\",\"breadcrumb\":{\"@id\":\"https:\/\/aevaledeste.pt\/site\/eqavet_informacao_graficos_monitorizacao\/#breadcrumb\"},\"inLanguage\":\"pt-PT\",\"potentialAction\":[{\"@type\":\"ReadAction\",\"target\":[\"https:\/\/aevaledeste.pt\/site\/eqavet_informacao_graficos_monitorizacao\/\"]}]},{\"@type\":\"BreadcrumbList\",\"@id\":\"https:\/\/aevaledeste.pt\/site\/eqavet_informacao_graficos_monitorizacao\/#breadcrumb\",\"itemListElement\":[{\"@type\":\"ListItem\",\"position\":1,\"name\":\"In\u00edcio\",\"item\":\"https:\/\/aevaledeste.pt\/site\/\"},{\"@type\":\"ListItem\",\"position\":2,\"name\":\"EQAVET_Informacao_Graficos_Monitorizacao\"}]},{\"@type\":\"WebSite\",\"@id\":\"https:\/\/aevaledeste.pt\/site\/#website\",\"url\":\"https:\/\/aevaledeste.pt\/site\/\",\"name\":\"Agrupamento de Escolas de Vale D&#039;Este\",\"description\":\"Faz a tua escolha!\",\"publisher\":{\"@id\":\"https:\/\/aevaledeste.pt\/site\/#organization\"},\"potentialAction\":[{\"@type\":\"SearchAction\",\"target\":{\"@type\":\"EntryPoint\",\"urlTemplate\":\"https:\/\/aevaledeste.pt\/site\/?s={search_term_string}\"},\"query-input\":{\"@type\":\"PropertyValueSpecification\",\"valueRequired\":true,\"valueName\":\"search_term_string\"}}],\"inLanguage\":\"pt-PT\"},{\"@type\":\"Organization\",\"@id\":\"https:\/\/aevaledeste.pt\/site\/#organization\",\"name\":\"Agrupamento de Escolas de Vale D&#039;Este\",\"url\":\"https:\/\/aevaledeste.pt\/site\/\",\"logo\":{\"@type\":\"ImageObject\",\"inLanguage\":\"pt-PT\",\"@id\":\"https:\/\/aevaledeste.pt\/site\/#\/schema\/logo\/image\/\",\"url\":\"https:\/\/aevaledeste.pt\/site\/wp-content\/uploads\/2022\/09\/1-e1664446422139.png\",\"contentUrl\":\"https:\/\/aevaledeste.pt\/site\/wp-content\/uploads\/2022\/09\/1-e1664446422139.png\",\"width\":600,\"height\":78,\"caption\":\"Agrupamento de Escolas de Vale D&#039;Este\"},\"image\":{\"@id\":\"https:\/\/aevaledeste.pt\/site\/#\/schema\/logo\/image\/\"}}]}<\/script>\n<!-- \/ Yoast SEO plugin. -->","yoast_head_json":{"title":"EQAVET_Informacao_Graficos_Monitorizacao - Agrupamento de Escolas de Vale D&#039;Este","robots":{"index":"index","follow":"follow","max-snippet":"max-snippet:-1","max-image-preview":"max-image-preview:large","max-video-preview":"max-video-preview:-1"},"canonical":"https:\/\/aevaledeste.pt\/site\/eqavet_informacao_graficos_monitorizacao\/","og_locale":"pt_PT","og_type":"article","og_title":"EQAVET_Informacao_Graficos_Monitorizacao - Agrupamento de Escolas de Vale D&#039;Este","og_description":"INFORMA\u00c7\u00c3O &#8211; RELAT\u00d3RIOS\/GR\u00c1FICOS DE MONITORIZA\u00c7\u00c3O Consulte: Relat\u00f3rio Inqu\u00e9rito aos Professores An\u00e1lise Gr\u00e1fica ao Inqu\u00e9rito aos Professores Relat\u00f3rio Inqu\u00e9rito aos Alunos An\u00e1lise Gr\u00e1fica ao Inqu\u00e9rito aos Alunos Relat\u00f3rio Inqu\u00e9rito aos Pais An\u00e1lise Gr\u00e1fica ao Inqu\u00e9rito aos Pais Relat\u00f3rio Inqu\u00e9rito \u00e0s Entidades de Acolhimento de FCT An\u00e1lise&nbsp;&hellip;","og_url":"https:\/\/aevaledeste.pt\/site\/eqavet_informacao_graficos_monitorizacao\/","og_site_name":"Agrupamento de Escolas de Vale D&#039;Este","article_modified_time":"2023-09-27T14:51:06+00:00","twitter_card":"summary_large_image","schema":{"@context":"https:\/\/schema.org","@graph":[{"@type":"WebPage","@id":"https:\/\/aevaledeste.pt\/site\/eqavet_informacao_graficos_monitorizacao\/","url":"https:\/\/aevaledeste.pt\/site\/eqavet_informacao_graficos_monitorizacao\/","name":"EQAVET_Informacao_Graficos_Monitorizacao - Agrupamento de Escolas de Vale D&#039;Este","isPartOf":{"@id":"https:\/\/aevaledeste.pt\/site\/#website"},"datePublished":"2022-11-21T23:42:00+00:00","dateModified":"2023-09-27T14:51:06+00:00","breadcrumb":{"@id":"https:\/\/aevaledeste.pt\/site\/eqavet_informacao_graficos_monitorizacao\/#breadcrumb"},"inLanguage":"pt-PT","potentialAction":[{"@type":"ReadAction","target":["https:\/\/aevaledeste.pt\/site\/eqavet_informacao_graficos_monitorizacao\/"]}]},{"@type":"BreadcrumbList","@id":"https:\/\/aevaledeste.pt\/site\/eqavet_informacao_graficos_monitorizacao\/#breadcrumb","itemListElement":[{"@type":"ListItem","position":1,"name":"In\u00edcio","item":"https:\/\/aevaledeste.pt\/site\/"},{"@type":"ListItem","position":2,"name":"EQAVET_Informacao_Graficos_Monitorizacao"}]},{"@type":"WebSite","@id":"https:\/\/aevaledeste.pt\/site\/#website","url":"https:\/\/aevaledeste.pt\/site\/","name":"Agrupamento de Escolas de Vale D&#039;Este","description":"Faz a tua escolha!","publisher":{"@id":"https:\/\/aevaledeste.pt\/site\/#organization"},"potentialAction":[{"@type":"SearchAction","target":{"@type":"EntryPoint","urlTemplate":"https:\/\/aevaledeste.pt\/site\/?s={search_term_string}"},"query-input":{"@type":"PropertyValueSpecification","valueRequired":true,"valueName":"search_term_string"}}],"inLanguage":"pt-PT"},{"@type":"Organization","@id":"https:\/\/aevaledeste.pt\/site\/#organization","name":"Agrupamento de Escolas de Vale D&#039;Este","url":"https:\/\/aevaledeste.pt\/site\/","logo":{"@type":"ImageObject","inLanguage":"pt-PT","@id":"https:\/\/aevaledeste.pt\/site\/#\/schema\/logo\/image\/","url":"https:\/\/aevaledeste.pt\/site\/wp-content\/uploads\/2022\/09\/1-e1664446422139.png","contentUrl":"https:\/\/aevaledeste.pt\/site\/wp-content\/uploads\/2022\/09\/1-e1664446422139.png","width":600,"height":78,"caption":"Agrupamento de Escolas de Vale D&#039;Este"},"image":{"@id":"https:\/\/aevaledeste.pt\/site\/#\/schema\/logo\/image\/"}}]}},"_links":{"self":[{"href":"https:\/\/aevaledeste.pt\/site\/wp-json\/wp\/v2\/pages\/1306","targetHints":{"allow":["GET"]}}],"collection":[{"href":"https:\/\/aevaledeste.pt\/site\/wp-json\/wp\/v2\/pages"}],"about":[{"href":"https:\/\/aevaledeste.pt\/site\/wp-json\/wp\/v2\/types\/page"}],"author":[{"embeddable":true,"href":"https:\/\/aevaledeste.pt\/site\/wp-json\/wp\/v2\/users\/5"}],"replies":[{"embeddable":true,"href":"https:\/\/aevaledeste.pt\/site\/wp-json\/wp\/v2\/comments?post=1306"}],"version-history":[{"count":25,"href":"https:\/\/aevaledeste.pt\/site\/wp-json\/wp\/v2\/pages\/1306\/revisions"}],"predecessor-version":[{"id":3424,"href":"https:\/\/aevaledeste.pt\/site\/wp-json\/wp\/v2\/pages\/1306\/revisions\/3424"}],"wp:attachment":[{"href":"https:\/\/aevaledeste.pt\/site\/wp-json\/wp\/v2\/media?parent=1306"}],"curies":[{"name":"wp","href":"https:\/\/api.w.org\/{rel}","templated":true}]}}