{"version":"1.0","provider_name":"Agrupamento de Escolas de Vale D&#039;Este","provider_url":"https:\/\/aevaledeste.pt\/site","author_name":"Agrupamento de Escolas De Vale D'Este","author_url":"https:\/\/aevaledeste.pt\/site\/author\/aeve\/","title":"Visita de Estudo ao Centro Hist\u00f3rico de Guimar\u00e3es - Agrupamento de Escolas de Vale D&#039;Este","type":"rich","width":600,"height":338,"html":"<blockquote class=\"wp-embedded-content\" data-secret=\"Ed7SwODXR8\"><a href=\"https:\/\/aevaledeste.pt\/site\/visita-de-estudo-ao-centro-historico-de-guimaraes\/\">Visita de Estudo ao Centro Hist\u00f3rico de Guimar\u00e3es<\/a><\/blockquote><iframe sandbox=\"allow-scripts\" security=\"restricted\" src=\"https:\/\/aevaledeste.pt\/site\/visita-de-estudo-ao-centro-historico-de-guimaraes\/embed\/#?secret=Ed7SwODXR8\" width=\"600\" height=\"338\" title=\"&#8220;Visita de Estudo ao Centro Hist\u00f3rico de Guimar\u00e3es&#8221; &#8212; Agrupamento de Escolas de Vale D&#039;Este\" data-secret=\"Ed7SwODXR8\" frameborder=\"0\" marginwidth=\"0\" marginheight=\"0\" scrolling=\"no\" class=\"wp-embedded-content\"><\/iframe><script type=\"text\/javascript\">\n\/* <![CDATA[ *\/\n\/*! This file is auto-generated *\/\n!function(d,l){\"use strict\";l.querySelector&&d.addEventListener&&\"undefined\"!=typeof URL&&(d.wp=d.wp||{},d.wp.receiveEmbedMessage||(d.wp.receiveEmbedMessage=function(e){var t=e.data;if((t||t.secret||t.message||t.value)&&!\/[^a-zA-Z0-9]\/.test(t.secret)){for(var s,r,n,a=l.querySelectorAll('iframe[data-secret=\"'+t.secret+'\"]'),o=l.querySelectorAll('blockquote[data-secret=\"'+t.secret+'\"]'),c=new RegExp(\"^https?:$\",\"i\"),i=0;i<o.length;i++)o[i].style.display=\"none\";for(i=0;i<a.length;i++)s=a[i],e.source===s.contentWindow&&(s.removeAttribute(\"style\"),\"height\"===t.message?(1e3<(r=parseInt(t.value,10))?r=1e3:~~r<200&&(r=200),s.height=r):\"link\"===t.message&&(r=new URL(s.getAttribute(\"src\")),n=new URL(t.value),c.test(n.protocol))&&n.host===r.host&&l.activeElement===s&&(d.top.location.href=t.value))}},d.addEventListener(\"message\",d.wp.receiveEmbedMessage,!1),l.addEventListener(\"DOMContentLoaded\",function(){for(var e,t,s=l.querySelectorAll(\"iframe.wp-embedded-content\"),r=0;r<s.length;r++)(t=(e=s[r]).getAttribute(\"data-secret\"))||(t=Math.random().toString(36).substring(2,12),e.src+=\"#?secret=\"+t,e.setAttribute(\"data-secret\",t)),e.contentWindow.postMessage({message:\"ready\",secret:t},\"*\")},!1)))}(window,document);\n\/\/# sourceURL=https:\/\/aevaledeste.pt\/site\/wp-includes\/js\/wp-embed.min.js\n\/* ]]> *\/\n<\/script>\n","description":"Visita de Estudo ao Centro Hist\u00f3rico de Guimar\u00e3es\u00a0 &#8211; 25 de setembro No dia 25 de Setembro de 2023, os alunos do Curso Profissional de t\u00e9cnico de Opera\u00e7\u00f5es Tur\u00edsticas realizaram uma visita de estudo ao Centro Hist\u00f3rico de Guimar\u00e3es, no qual tiveram oportunidade de visitar&nbsp;&hellip;","thumbnail_url":"https:\/\/aevaledeste.pt\/site\/wp-content\/uploads\/2023\/11\/noticia-3.jpg","thumbnail_width":768,"thumbnail_height":1024}

Visita de Estudo ao Centro Histórico de Guimarães - Agrupamento de Escolas de Vale D&#039;Este

<blockquote class="wp-embedded-content" data-secret="Ed7SwODXR8"><a href="https://aevaledeste.pt/site/visita-de-estudo-ao-centro-historico-de-guimaraes/">Visita de Estudo ao Centro Histórico de Guimarães</a></blockquote><iframe sandbox="allow-scripts" security="restricted" src="https://aevaledeste.pt/site/visita-de-estudo-ao-centro-historico-de-guimaraes/embed/#?secret=Ed7SwODXR8" width="600" height="338" title="&#8220;Visita de Estudo ao Centro Histórico de Guimarães&#8221; &#8212; Agrupamento de Escolas de Vale D&#039;Este" data-secret="Ed7SwODXR8" frameborder="0" marginwidth="0" marginheight="0" scrolling="no" class="wp-embedded-content"></iframe><script type="text/javascript">
/* <![CDATA[ */
/*! This file is auto-generated */
!function(d,l){"use strict";l.querySelector&&d.addEventListener&&"undefined"!=typeof URL&&(d.wp=d.wp||{},d.wp.receiveEmbedMessage||(d.wp.receiveEmbedMessage=function(e){var t=e.data;if((t||t.secret||t.message||t.value)&&!/[^a-zA-Z0-9]/.test(t.secret)){for(var s,r,n,a=l.querySelectorAll('iframe[data-secret="'+t.secret+'"]'),o=l.querySelectorAll('blockquote[data-secret="'+t.secret+'"]'),c=new RegExp("^https?:$","i"),i=0;i<o.length;i++)o[i].style.display="none";for(i=0;i<a.length;i++)s=a[i],e.source===s.contentWindow&&(s.removeAttribute("style"),"height"===t.message?(1e3<(r=parseInt(t.value,10))?r=1e3:~~r<200&&(r=200),s.height=r):"link"===t.message&&(r=new URL(s.getAttribute("src")),n=new URL(t.value),c.test(n.protocol))&&n.host===r.host&&l.activeElement===s&&(d.top.location.href=t.value))}},d.addEventListener("message",d.wp.receiveEmbedMessage,!1),l.addEventListener("DOMContentLoaded",function(){for(var e,t,s=l.querySelectorAll("iframe.wp-embedded-content"),r=0;r<s.length;r++)(t=(e=s[r]).getAttribute("data-secret"))||(t=Math.random().toString(36).substring(2,12),e.src+="#?secret="+t,e.setAttribute("data-secret",t)),e.contentWindow.postMessage({message:"ready",secret:t},"*")},!1)))}(window,document);
//# sourceURL=https://aevaledeste.pt/site/wp-includes/js/wp-embed.min.js
/* ]]> */
</script>

Visita de Estudo ao Centro Histórico de Guimarães  &#8211; 25 de setembro No dia 25 de Setembro de 2023, os alunos do Curso Profissional de técnico de Operações Turísticas realizaram uma visita de estudo ao Centro Histórico de Guimarães, no qual tiveram oportunidade de visitar&nbsp;&hellip;
