{"version":"1.0","provider_name":"Agrupamento de Escolas de Vale D&#039;Este","provider_url":"https:\/\/aevaledeste.pt\/site\/en","author_name":"Agrupamento de Escolas De Vale D'Este","author_url":"https:\/\/aevaledeste.pt\/site\/en\/author\/aeve\/","title":"\u201cAuto da Barca do Inferno\u201d ao vivo - Agrupamento de Escolas de Vale D&#039;Este","type":"rich","width":600,"height":338,"html":"<blockquote class=\"wp-embedded-content\" data-secret=\"OQBeQcmm7g\"><a href=\"https:\/\/aevaledeste.pt\/site\/en\/auto-da-barca-do-inferno-ao-vivo\/\">\u201cAuto da Barca do Inferno\u201d ao vivo<\/a><\/blockquote><iframe sandbox=\"allow-scripts\" security=\"restricted\" src=\"https:\/\/aevaledeste.pt\/site\/en\/auto-da-barca-do-inferno-ao-vivo\/embed\/#?secret=OQBeQcmm7g\" width=\"600\" height=\"338\" title=\"&#8220;\u201cAuto da Barca do Inferno\u201d ao vivo&#8221; &#8212; Agrupamento de Escolas de Vale D&#039;Este\" data-secret=\"OQBeQcmm7g\" frameborder=\"0\" marginwidth=\"0\" marginheight=\"0\" scrolling=\"no\" class=\"wp-embedded-content\"><\/iframe><script type=\"text\/javascript\">\n\/* <![CDATA[ *\/\n\/*! This file is auto-generated *\/\n!function(d,l){\"use strict\";l.querySelector&&d.addEventListener&&\"undefined\"!=typeof URL&&(d.wp=d.wp||{},d.wp.receiveEmbedMessage||(d.wp.receiveEmbedMessage=function(e){var t=e.data;if((t||t.secret||t.message||t.value)&&!\/[^a-zA-Z0-9]\/.test(t.secret)){for(var s,r,n,a=l.querySelectorAll('iframe[data-secret=\"'+t.secret+'\"]'),o=l.querySelectorAll('blockquote[data-secret=\"'+t.secret+'\"]'),c=new RegExp(\"^https?:$\",\"i\"),i=0;i<o.length;i++)o[i].style.display=\"none\";for(i=0;i<a.length;i++)s=a[i],e.source===s.contentWindow&&(s.removeAttribute(\"style\"),\"height\"===t.message?(1e3<(r=parseInt(t.value,10))?r=1e3:~~r<200&&(r=200),s.height=r):\"link\"===t.message&&(r=new URL(s.getAttribute(\"src\")),n=new URL(t.value),c.test(n.protocol))&&n.host===r.host&&l.activeElement===s&&(d.top.location.href=t.value))}},d.addEventListener(\"message\",d.wp.receiveEmbedMessage,!1),l.addEventListener(\"DOMContentLoaded\",function(){for(var e,t,s=l.querySelectorAll(\"iframe.wp-embedded-content\"),r=0;r<s.length;r++)(t=(e=s[r]).getAttribute(\"data-secret\"))||(t=Math.random().toString(36).substring(2,12),e.src+=\"#?secret=\"+t,e.setAttribute(\"data-secret\",t)),e.contentWindow.postMessage({message:\"ready\",secret:t},\"*\")},!1)))}(window,document);\n\/\/# sourceURL=https:\/\/aevaledeste.pt\/site\/wp-includes\/js\/wp-embed.min.js\n\/* ]]> *\/\n<\/script>","description":"Foi com sorrisos estampados nos rostos e com satisfa\u00e7\u00e3o plena que, no dia 13 de mar\u00e7o pelas 16 horas, os alunos de 9.\u00baano sa\u00edram do Theatro Gil Vicente ap\u00f3s terem assistido \u00e0 pe\u00e7a \u201cAuto da Barca do Inferno\u201d de Gil Vicente pela Companhia de Teatro&nbsp;&hellip;","thumbnail_url":"https:\/\/aevaledeste.pt\/site\/wp-content\/uploads\/2024\/03\/IMG_20240313_141823-1-scaled.jpg","thumbnail_width":1920,"thumbnail_height":2560}

Foi com sorrisos estampados nos rostos e com satisfação plena que, no dia 13 de março pelas 16 horas, os alunos de 9.ºano saíram do Theatro Gil Vicente após terem assistido à peça “Auto da Barca do Inferno” de Gil Vicente pela Companhia de Teatro&nbsp;&hellip;
