{"version":"1.0","provider_name":"Agrupamento de Escolas de Vale D&#039;Este","provider_url":"https:\/\/aevaledeste.pt\/site\/en","author_name":"Agrupamento de Escolas De Vale D'Este","author_url":"https:\/\/aevaledeste.pt\/site\/en\/author\/aeve\/","title":"Apresenta\u00e7\u00e3o do livro \"Aprender liberdade\" - Agrupamento de Escolas de Vale D&#039;Este","type":"rich","width":600,"height":338,"html":"<blockquote class=\"wp-embedded-content\" data-secret=\"1tyXpevqzp\"><a href=\"https:\/\/aevaledeste.pt\/site\/en\/apresentacao-do-livro-aprender-liberdade\/\">Apresenta\u00e7\u00e3o do livro &#8220;Aprender liberdade&#8221;<\/a><\/blockquote><iframe sandbox=\"allow-scripts\" security=\"restricted\" src=\"https:\/\/aevaledeste.pt\/site\/en\/apresentacao-do-livro-aprender-liberdade\/embed\/#?secret=1tyXpevqzp\" width=\"600\" height=\"338\" title=\"&#8220;Apresenta\u00e7\u00e3o do livro &#8220;Aprender liberdade&#8221;&#8221; &#8212; Agrupamento de Escolas de Vale D&#039;Este\" data-secret=\"1tyXpevqzp\" frameborder=\"0\" marginwidth=\"0\" marginheight=\"0\" scrolling=\"no\" class=\"wp-embedded-content\"><\/iframe><script type=\"text\/javascript\">\n\/* <![CDATA[ *\/\n\/*! This file is auto-generated *\/\n!function(d,l){\"use strict\";l.querySelector&&d.addEventListener&&\"undefined\"!=typeof URL&&(d.wp=d.wp||{},d.wp.receiveEmbedMessage||(d.wp.receiveEmbedMessage=function(e){var t=e.data;if((t||t.secret||t.message||t.value)&&!\/[^a-zA-Z0-9]\/.test(t.secret)){for(var s,r,n,a=l.querySelectorAll('iframe[data-secret=\"'+t.secret+'\"]'),o=l.querySelectorAll('blockquote[data-secret=\"'+t.secret+'\"]'),c=new RegExp(\"^https?:$\",\"i\"),i=0;i<o.length;i++)o[i].style.display=\"none\";for(i=0;i<a.length;i++)s=a[i],e.source===s.contentWindow&&(s.removeAttribute(\"style\"),\"height\"===t.message?(1e3<(r=parseInt(t.value,10))?r=1e3:~~r<200&&(r=200),s.height=r):\"link\"===t.message&&(r=new URL(s.getAttribute(\"src\")),n=new URL(t.value),c.test(n.protocol))&&n.host===r.host&&l.activeElement===s&&(d.top.location.href=t.value))}},d.addEventListener(\"message\",d.wp.receiveEmbedMessage,!1),l.addEventListener(\"DOMContentLoaded\",function(){for(var e,t,s=l.querySelectorAll(\"iframe.wp-embedded-content\"),r=0;r<s.length;r++)(t=(e=s[r]).getAttribute(\"data-secret\"))||(t=Math.random().toString(36).substring(2,12),e.src+=\"#?secret=\"+t,e.setAttribute(\"data-secret\",t)),e.contentWindow.postMessage({message:\"ready\",secret:t},\"*\")},!1)))}(window,document);\n\/\/# sourceURL=https:\/\/aevaledeste.pt\/site\/wp-includes\/js\/wp-embed.min.js\n\/* ]]> *\/\n<\/script>","description":"Escola EB de Viatodos Data: 22\/04\/2024Tema: &#8220;Aprender liberdade&#8221;Entidade: Equipa Betweien\u00a0Os alunos, em duas sess\u00f5es, assistiram \u00e0 hist\u00f3ria &#8221; Aprender liberdade&#8221;, contada pelos animadores da equipa. Esta entidade tem colaboradores com experi\u00eancia na \u00e1rea da pedagogia e educa\u00e7\u00e3o. Os alunos ouviram can\u00e7\u00f5es alusivas ao tema e&nbsp;&hellip;","thumbnail_url":"https:\/\/aevaledeste.pt\/site\/wp-content\/uploads\/2024\/04\/47892241-c787-4fc2-9b41-443cc795292b.jpg","thumbnail_width":2048,"thumbnail_height":2048}

Apresentação do livro "Aprender liberdade" - Agrupamento de Escolas de Vale D&#039;Este

<blockquote class="wp-embedded-content" data-secret="1tyXpevqzp"><a href="https://aevaledeste.pt/site/en/apresentacao-do-livro-aprender-liberdade/">Apresentação do livro &#8220;Aprender liberdade&#8221;</a></blockquote><iframe sandbox="allow-scripts" security="restricted" src="https://aevaledeste.pt/site/en/apresentacao-do-livro-aprender-liberdade/embed/#?secret=1tyXpevqzp" width="600" height="338" title="&#8220;Apresentação do livro &#8220;Aprender liberdade&#8221;&#8221; &#8212; Agrupamento de Escolas de Vale D&#039;Este" data-secret="1tyXpevqzp" frameborder="0" marginwidth="0" marginheight="0" scrolling="no" class="wp-embedded-content"></iframe><script type="text/javascript">
/* <![CDATA[ */
/*! This file is auto-generated */
!function(d,l){"use strict";l.querySelector&&d.addEventListener&&"undefined"!=typeof URL&&(d.wp=d.wp||{},d.wp.receiveEmbedMessage||(d.wp.receiveEmbedMessage=function(e){var t=e.data;if((t||t.secret||t.message||t.value)&&!/[^a-zA-Z0-9]/.test(t.secret)){for(var s,r,n,a=l.querySelectorAll('iframe[data-secret="'+t.secret+'"]'),o=l.querySelectorAll('blockquote[data-secret="'+t.secret+'"]'),c=new RegExp("^https?:$","i"),i=0;i<o.length;i++)o[i].style.display="none";for(i=0;i<a.length;i++)s=a[i],e.source===s.contentWindow&&(s.removeAttribute("style"),"height"===t.message?(1e3<(r=parseInt(t.value,10))?r=1e3:~~r<200&&(r=200),s.height=r):"link"===t.message&&(r=new URL(s.getAttribute("src")),n=new URL(t.value),c.test(n.protocol))&&n.host===r.host&&l.activeElement===s&&(d.top.location.href=t.value))}},d.addEventListener("message",d.wp.receiveEmbedMessage,!1),l.addEventListener("DOMContentLoaded",function(){for(var e,t,s=l.querySelectorAll("iframe.wp-embedded-content"),r=0;r<s.length;r++)(t=(e=s[r]).getAttribute("data-secret"))||(t=Math.random().toString(36).substring(2,12),e.src+="#?secret="+t,e.setAttribute("data-secret",t)),e.contentWindow.postMessage({message:"ready",secret:t},"*")},!1)))}(window,document);
//# sourceURL=https://aevaledeste.pt/site/wp-includes/js/wp-embed.min.js
/* ]]> */
</script>

Escola EB de Viatodos Data: 22/04/2024Tema: &#8220;Aprender liberdade&#8221;Entidade: Equipa Betweien Os alunos, em duas sessões, assistiram à história &#8221; Aprender liberdade&#8221;, contada pelos animadores da equipa. Esta entidade tem colaboradores com experiência na área da pedagogia e educação. Os alunos ouviram canções alusivas ao tema e&nbsp;&hellip;
